{"id":67082,"date":"2025-05-26T17:18:40","date_gmt":"2025-05-26T17:18:40","guid":{"rendered":"https:\/\/www.multifrigo.pl\/sklep\/produkt\/tabletki-pielegnacyjne-do-icombi-pro-icombi-classic-selfcookingcenter-150-szt-rational-56-00-562\/"},"modified":"2025-05-26T23:09:47","modified_gmt":"2025-05-26T23:09:47","slug":"tabletki-pielegnacyjne-do-icombi-pro-icombi-classic-selfcookingcenter-150-szt-rational-56-00-562","status":"publish","type":"product","link":"https:\/\/www.multifrigo.pl\/sklep\/produkt\/tabletki-pielegnacyjne-do-icombi-pro-icombi-classic-selfcookingcenter-150-szt-rational-56-00-562\/","title":{"rendered":"Tabletki piel\u0119gnacyjne do iCombi Pro, iCombi Classic, SelfCookingCenter, 150 szt. | Rational 56.00.562"},"content":{"rendered":"<p>Tabletki Care do iCombi Pro, iCombi Classic i SelfCookingCenter z Efficient CareControl. Substancje piel\u0119gnacyjne aktywnie chroni\u0105 komor\u0119 do gotowania i generator pary przed powstawaniem osadu z kamienia. Bezpiecze\u0144stwo pracy bez konieczno\u015bci zmi\u0119kczania wody i uci\u0105\u017cliwego, r\u0119cznego odkamieniania. <\/p>\n","protected":false},"excerpt":{"rendered":"<p>Tabletki Care do iCombi Pro, iCombi Classic i SelfCookingCenter z Efficient CareControl. Substancje piel\u0119gnacyjne aktywnie chroni\u0105 komor\u0119 do gotowania i generator pary przed powstawaniem osadu z kamienia. Bezpiecze\u0144stwo pracy bez konieczno\u015bci zmi\u0119kczania wody i uci\u0105\u017cliwego, r\u0119cznego odkamieniania.<\/p>\n","protected":false},"featured_media":28336,"template":"","meta":{"_et_pb_use_builder":"","_et_pb_old_content":"","_et_gb_content_width":""},"pwb-brand":[1016],"product_brand":[],"product_cat":[389],"product_tag":[],"class_list":{"0":"post-67082","1":"product","2":"type-product","3":"status-publish","4":"has-post-thumbnail","6":"pwb-brand-rational","7":"product_cat-do-piecow","9":"first","10":"instock","11":"taxable","12":"shipping-taxable","13":"purchasable","14":"product-type-simple"},"brands":[{"id":1016,"name":"Rational","slug":"rational"}],"_links":{"self":[{"href":"https:\/\/www.multifrigo.pl\/sklep\/wp-json\/wp\/v2\/product\/67082","targetHints":{"allow":["GET"]}}],"collection":[{"href":"https:\/\/www.multifrigo.pl\/sklep\/wp-json\/wp\/v2\/product"}],"about":[{"href":"https:\/\/www.multifrigo.pl\/sklep\/wp-json\/wp\/v2\/types\/product"}],"wp:featuredmedia":[{"embeddable":true,"href":"https:\/\/www.multifrigo.pl\/sklep\/wp-json\/wp\/v2\/media\/28336"}],"wp:attachment":[{"href":"https:\/\/www.multifrigo.pl\/sklep\/wp-json\/wp\/v2\/media?parent=67082"}],"wp:term":[{"taxonomy":"pwb-brand","embeddable":true,"href":"https:\/\/www.multifrigo.pl\/sklep\/wp-json\/wp\/v2\/pwb-brand?post=67082"},{"taxonomy":"product_brand","embeddable":true,"href":"https:\/\/www.multifrigo.pl\/sklep\/wp-json\/wp\/v2\/product_brand?post=67082"},{"taxonomy":"product_cat","embeddable":true,"href":"https:\/\/www.multifrigo.pl\/sklep\/wp-json\/wp\/v2\/product_cat?post=67082"},{"taxonomy":"product_tag","embeddable":true,"href":"https:\/\/www.multifrigo.pl\/sklep\/wp-json\/wp\/v2\/product_tag?post=67082"}],"curies":[{"name":"wp","href":"https:\/\/api.w.org\/{rel}","templated":true}]}}