{"id":67092,"date":"2025-05-26T17:19:51","date_gmt":"2025-05-26T17:19:51","guid":{"rendered":"https:\/\/www.multifrigo.pl\/sklep\/produkt\/podstawa-combi-duo-rational-60-30-362\/"},"modified":"2025-05-26T23:10:20","modified_gmt":"2025-05-26T23:10:20","slug":"podstawa-combi-duo-rational-60-30-362","status":"publish","type":"product","link":"https:\/\/www.multifrigo.pl\/sklep\/produkt\/podstawa-combi-duo-rational-60-30-362\/","title":{"rendered":"Podstawa Combi-Duo  | Rational 60.30.362"},"content":{"rendered":"<p>Podstawa pod piece Rational Combi-Duo. Wyprodukowana przez polskiego producenta zast\u0119puje UG I 60.30.362 Wysoko\u015b\u0107 210 mm Bolce zabezpieczaj\u0105ce przed przesuni\u0119ciem si\u0119 pieca Wykonana z profil\u00f3w 40 mm Materia\u0142: stal nierdzewna N\u00f3\u017cki z regulacj\u0105 wysoko\u015bci u\u0142atwiaj\u0105ce wypoziomowanie Zgodna z Rational SCC 61 i SCC 101 Wymiar: 790x590x210 mm W dolnej cz\u0119\u015bci prowadnice umo\u017cliwiaj\u0105ce umieszczenie 4 pojemnik\u00f3w GN 1\/1 <\/p>\n","protected":false},"excerpt":{"rendered":"<p>Podstawa pod piece Rational Combi-Duo. Wyprodukowana przez polskiego producenta zast\u0119puje UG I 60.30.362 Wysoko\u015b\u0107 210 mm Bolce zabezpieczaj\u0105ce przed przesuni\u0119ciem si\u0119 pieca Wykonana z profil\u00f3w 40 mm Materia\u0142: stal nierdzewna N\u00f3\u017cki z regulacj\u0105 wysoko\u015bci u\u0142atwiaj\u0105ce wypoziomowanie Zgodna z Rational SCC 61 i SCC 101 Wymiar: 790x590x210 mm W dolnej cz\u0119\u015bci prowadnice umo\u017cliwiaj\u0105ce umieszczenie 4 pojemnik\u00f3w [&hellip;]<\/p>\n","protected":false},"featured_media":67239,"template":"","meta":{"_et_pb_use_builder":"","_et_pb_old_content":"","_et_gb_content_width":""},"pwb-brand":[1016],"product_brand":[],"product_cat":[542],"product_tag":[],"class_list":{"0":"post-67092","1":"product","2":"type-product","3":"status-publish","4":"has-post-thumbnail","6":"pwb-brand-rational","7":"product_cat-podstawy-pod-piece","9":"first","10":"instock","11":"taxable","12":"shipping-taxable","13":"purchasable","14":"product-type-simple"},"brands":[{"id":1016,"name":"Rational","slug":"rational"}],"_links":{"self":[{"href":"https:\/\/www.multifrigo.pl\/sklep\/wp-json\/wp\/v2\/product\/67092","targetHints":{"allow":["GET"]}}],"collection":[{"href":"https:\/\/www.multifrigo.pl\/sklep\/wp-json\/wp\/v2\/product"}],"about":[{"href":"https:\/\/www.multifrigo.pl\/sklep\/wp-json\/wp\/v2\/types\/product"}],"wp:featuredmedia":[{"embeddable":true,"href":"https:\/\/www.multifrigo.pl\/sklep\/wp-json\/wp\/v2\/media\/67239"}],"wp:attachment":[{"href":"https:\/\/www.multifrigo.pl\/sklep\/wp-json\/wp\/v2\/media?parent=67092"}],"wp:term":[{"taxonomy":"pwb-brand","embeddable":true,"href":"https:\/\/www.multifrigo.pl\/sklep\/wp-json\/wp\/v2\/pwb-brand?post=67092"},{"taxonomy":"product_brand","embeddable":true,"href":"https:\/\/www.multifrigo.pl\/sklep\/wp-json\/wp\/v2\/product_brand?post=67092"},{"taxonomy":"product_cat","embeddable":true,"href":"https:\/\/www.multifrigo.pl\/sklep\/wp-json\/wp\/v2\/product_cat?post=67092"},{"taxonomy":"product_tag","embeddable":true,"href":"https:\/\/www.multifrigo.pl\/sklep\/wp-json\/wp\/v2\/product_tag?post=67092"}],"curies":[{"name":"wp","href":"https:\/\/api.w.org\/{rel}","templated":true}]}}