{"id":67457,"date":"2025-05-27T09:38:42","date_gmt":"2025-05-27T09:38:42","guid":{"rendered":"https:\/\/www.multifrigo.pl\/sklep\/produkt\/wilk-do-miesa-modulowy-wm22m-u3-z-systemem-unger-u3-ma-ga\/"},"modified":"2026-04-01T12:57:04","modified_gmt":"2026-04-01T12:57:04","slug":"wilk-do-miesa-modulowy-wm22m-u3-z-systemem-unger-u3-ma-ga","status":"publish","type":"product","link":"https:\/\/www.multifrigo.pl\/sklep\/produkt\/wilk-do-miesa-modulowy-wm22m-u3-z-systemem-unger-u3-ma-ga\/","title":{"rendered":"Wilk do mi\u0119sa WM22m-u3 z Ungerem u3 | Ma-Ga"},"content":{"rendered":"<p><b>Wilk WM22m-u3 to profesjonalny wilk modu\u0142owy do pracy ci\u0105g\u0142ej \u2013 mielenie, kotlecikowanie i stekowanie w jednym urz\u0105dzeniu.<\/b><br \/>\n<br \/>Seria WM to jedyna na rynku linia wilk\u00f3w modu\u0142owych przystosowanych do mielenia mi\u0119sa w trybie pracy ci\u0105g\u0142ej. Dzi\u0119ki modu\u0142owej konstrukcji i mocnym silnikom, urz\u0105dzenia te idealnie sprawdzaj\u0105 si\u0119 w codziennym u\u017cytkowaniu w sklepach mi\u0119snych, gastronomii oraz ma\u0142ych i \u015brednich zak\u0142adach przetw\u00f3rczych.<br \/>\n<br \/>Dzi\u0119ki zastosowaniu modu\u0142owo\u015bci mo\u017cliwe jest pod\u0142\u0105czenie dodatkowych przystawek: kotleciarki lub stekera, co pozwala na stworzenie funkcjonalnego zestawu 3w1 (trzy funkcje \u2013 jeden nap\u0119d). To znaczna oszcz\u0119dno\u015b\u0107 miejsca i zwi\u0119kszenie efektywno\u015bci pracy.<\/p>\n<p>\u2022 innowacyjne urz\u0105dzenie modu\u0142owe \u2013 mo\u017cliwo\u015b\u0107 zastosowania trzech przystawek przy 1 nap\u0119dzie<br \/>\n\u2022 kompatybilny ze wszystkimi gardzielami z serii WM, modu\u0142em stekera mS-20 oraz modu\u0142em kotleciarki mK20<br \/>\n\u2022 przeznaczone do pracy ci\u0105g\u0142ej<br \/>\n\u2022 wyposa\u017cone w system rozdrabniaj\u0105cy UNGER 3-elementowy z niezawodn\u0105 przek\u0142adni\u0105 \u015blimakow\u0105<br \/>\n\u2022 z tac\u0105 za\u0142adowcz\u0105 i zdejmowan\u0105 gardziel\u0105<br \/>\n\u2022 \u015brednica sitka 82mm<br \/>\n\u2022 dost\u0119pne sitka: 3, 4.5, 6, 8, 10 mm<br \/>\n\u2022 \u0142atwe w utrzymaniu czysto\u015bci<br \/>\n\u2022 zapewniaj\u0105ce wysoki komfort obs\u0142ugi i bezpiecze\u0144stwa u\u017cytkowania<br \/>\n\u2022 wydajno\u015b\u0107 do 250kg\/h<br \/>\n\u2022 zasilanie jednofazowe 230V.<\/p>\n","protected":false},"excerpt":{"rendered":"<p>Modu\u0142owe urz\u0105dzenie do mielenia mi\u0119sa surowego z serii WM z szarpakiem Unger do pracy ci\u0105g\u0142ej o ergonomicznych wymiarach i du\u017cej wydajno\u015bci<\/p>\n","protected":false},"featured_media":29318,"template":"","meta":{"_et_pb_use_builder":"","_et_pb_old_content":"","_et_gb_content_width":""},"pwb-brand":[1110],"product_brand":[],"product_cat":[1104],"product_tag":[],"class_list":{"0":"post-67457","1":"product","2":"type-product","3":"status-publish","4":"has-post-thumbnail","6":"pwb-brand-ma-ga","7":"product_cat-wilki-do-miesa","9":"first","10":"instock","11":"taxable","12":"shipping-taxable","13":"purchasable","14":"product-type-simple"},"brands":[{"id":1110,"name":"Ma-Ga","slug":"ma-ga"}],"_links":{"self":[{"href":"https:\/\/www.multifrigo.pl\/sklep\/wp-json\/wp\/v2\/product\/67457","targetHints":{"allow":["GET"]}}],"collection":[{"href":"https:\/\/www.multifrigo.pl\/sklep\/wp-json\/wp\/v2\/product"}],"about":[{"href":"https:\/\/www.multifrigo.pl\/sklep\/wp-json\/wp\/v2\/types\/product"}],"wp:featuredmedia":[{"embeddable":true,"href":"https:\/\/www.multifrigo.pl\/sklep\/wp-json\/wp\/v2\/media\/29318"}],"wp:attachment":[{"href":"https:\/\/www.multifrigo.pl\/sklep\/wp-json\/wp\/v2\/media?parent=67457"}],"wp:term":[{"taxonomy":"pwb-brand","embeddable":true,"href":"https:\/\/www.multifrigo.pl\/sklep\/wp-json\/wp\/v2\/pwb-brand?post=67457"},{"taxonomy":"product_brand","embeddable":true,"href":"https:\/\/www.multifrigo.pl\/sklep\/wp-json\/wp\/v2\/product_brand?post=67457"},{"taxonomy":"product_cat","embeddable":true,"href":"https:\/\/www.multifrigo.pl\/sklep\/wp-json\/wp\/v2\/product_cat?post=67457"},{"taxonomy":"product_tag","embeddable":true,"href":"https:\/\/www.multifrigo.pl\/sklep\/wp-json\/wp\/v2\/product_tag?post=67457"}],"curies":[{"name":"wp","href":"https:\/\/api.w.org\/{rel}","templated":true}]}}