{"id":67459,"date":"2025-05-27T09:38:52","date_gmt":"2025-05-27T09:38:52","guid":{"rendered":"https:\/\/www.multifrigo.pl\/sklep\/produkt\/steker-do-miesa-s20-ma-ga\/"},"modified":"2026-04-01T12:57:01","modified_gmt":"2026-04-01T12:57:01","slug":"steker-do-miesa-s20-ma-ga","status":"publish","type":"product","link":"https:\/\/www.multifrigo.pl\/sklep\/produkt\/steker-do-miesa-s20-ma-ga\/","title":{"rendered":"Steker do mi\u0119sa S20 | Ma-Ga"},"content":{"rendered":"<p><b>Steker do mi\u0119sa S20<\/b><br \/><b>Profesjonalne urz\u0105dzenie do nacinania i rozci\u0105gania mi\u0119sa \u2013 niezawodne i uniwersalne. <\/b><br \/>\n<br \/>Steker S20 to najbardziej wszechstronny steker dost\u0119pny na polskim rynku. Doskonale sprawdzi si\u0119 w ka\u017cdym rodzaju dzia\u0142alno\u015bci gastronomicznej \u2013 od punkt\u00f3w zbiorowego \u017cywienia, przez restauracje, cateringi, a\u017c po sklepy i zak\u0142ady przetw\u00f3rstwa spo\u017cywczego. Urz\u0105dzenie niezawodnie radzi sobie z ka\u017cdym typem mi\u0119sa \u2013 niezale\u017cnie od grubo\u015bci i struktury.<\/p>\n<p>\u2022 profesjonalne urz\u0105dzenie do przetwarzania ka\u017cdego rodzaju mi\u0119sa<br \/>\n\u2022 wyposa\u017cony w zesp\u00f3\u0142 specjalnie ukszta\u0142towanych no\u017cyk\u00f3w nacinaj\u0105cych wykonanych ze stali nierdzewnej<br \/>\n\u2022 dzi\u0119ki wa\u0142kom nacinaj\u0105co-rozci\u0105gaj\u0105cym mi\u0119so staje si\u0119 delikatniejsze w smaku i kruche oraz zwi\u0119ksza swoj\u0105 obj\u0119to\u015b\u0107<br \/>\n\u2022 przeznaczony do pracy ci\u0105g\u0142ej<br \/>\n\u2022 preferowany do zastosowania w gastronomii, cateringu, marketach, sklepach mi\u0119snych, zak\u0142adach przetw\u00f3rstwa mi\u0119snego<br \/>\n\u2022 umo\u017cliwia prosty demonta\u017c i \u0142atwe czyszczenie<br \/>\n\u2022 pozwala na \u0142atw\u0105 i szybk\u0105 wymian\u0119 modu\u0142u nacinaj\u0105cego<br \/>\n\u2022 umo\u017cliwia tani\u0105 eksploatacj\u0119<br \/>\n\u2022 gwarantuje du\u017c\u0105 niezawodno\u015b\u0107 u\u017cytkow\u0105<br \/>\n\u2022 zapewnia wysokie bezpiecze\u0144stwo pracy<br \/>\n\u2022 zasilanie jednofazowe 230 V<br \/>\n\u2022 innowacyjne urz\u0105dzenie modu\u0142owe \u2013 3 przystawki przy jednym nap\u0119dzie<br \/>\n\u2022 kompatybilny ze wszystkimi gardzielami z serii WM oraz modu\u0142em kotleciarki mK20<\/p>\n","protected":false},"excerpt":{"rendered":"<p>Modu\u0142owy steker grawitacyjny S20 do nacinania i sp\u0142aszczania wszystkich rodzaj\u00f3w mi\u0119s<\/p>\n","protected":false},"featured_media":29320,"template":"","meta":{"_et_pb_use_builder":"","_et_pb_old_content":"","_et_gb_content_width":""},"pwb-brand":[1110],"product_brand":[],"product_cat":[431],"product_tag":[],"class_list":{"0":"post-67459","1":"product","2":"type-product","3":"status-publish","4":"has-post-thumbnail","6":"pwb-brand-ma-ga","7":"product_cat-kotleciarki","9":"first","10":"instock","11":"taxable","12":"shipping-taxable","13":"purchasable","14":"product-type-simple"},"brands":[{"id":1110,"name":"Ma-Ga","slug":"ma-ga"}],"_links":{"self":[{"href":"https:\/\/www.multifrigo.pl\/sklep\/wp-json\/wp\/v2\/product\/67459","targetHints":{"allow":["GET"]}}],"collection":[{"href":"https:\/\/www.multifrigo.pl\/sklep\/wp-json\/wp\/v2\/product"}],"about":[{"href":"https:\/\/www.multifrigo.pl\/sklep\/wp-json\/wp\/v2\/types\/product"}],"wp:featuredmedia":[{"embeddable":true,"href":"https:\/\/www.multifrigo.pl\/sklep\/wp-json\/wp\/v2\/media\/29320"}],"wp:attachment":[{"href":"https:\/\/www.multifrigo.pl\/sklep\/wp-json\/wp\/v2\/media?parent=67459"}],"wp:term":[{"taxonomy":"pwb-brand","embeddable":true,"href":"https:\/\/www.multifrigo.pl\/sklep\/wp-json\/wp\/v2\/pwb-brand?post=67459"},{"taxonomy":"product_brand","embeddable":true,"href":"https:\/\/www.multifrigo.pl\/sklep\/wp-json\/wp\/v2\/product_brand?post=67459"},{"taxonomy":"product_cat","embeddable":true,"href":"https:\/\/www.multifrigo.pl\/sklep\/wp-json\/wp\/v2\/product_cat?post=67459"},{"taxonomy":"product_tag","embeddable":true,"href":"https:\/\/www.multifrigo.pl\/sklep\/wp-json\/wp\/v2\/product_tag?post=67459"}],"curies":[{"name":"wp","href":"https:\/\/api.w.org\/{rel}","templated":true}]}}