{"id":67652,"date":"2025-05-30T12:15:22","date_gmt":"2025-05-30T12:15:22","guid":{"rendered":"https:\/\/www.multifrigo.pl\/sklep\/produkt\/piec-konwekcyjno-parowy-cheftop-x-digital-id-10-gn-2-1-gazowy-unox-xeda-1021-gxrs\/"},"modified":"2025-11-18T14:53:24","modified_gmt":"2025-11-18T14:53:24","slug":"piec-konwekcyjno-parowy-cheftop-x-digital-id-10-gn-2-1-gazowy-unox-xeda-1021-gxrs","status":"publish","type":"product","link":"https:\/\/www.multifrigo.pl\/sklep\/produkt\/piec-konwekcyjno-parowy-cheftop-x-digital-id-10-gn-2-1-gazowy-unox-xeda-1021-gxrs\/","title":{"rendered":"Piec konwekcyjno-parowy CHEFTOP-X Digital.ID 10 GN 2\/1 Gazowy | Unox XEDA-1021-GXRS"},"content":{"rendered":"<p>CHEFTOP-X Digital.ID Profesjonalny, wysokowydajny piec konwekcyjny wyposa\u017cony w najnowszy system operacyjny i inteligentn\u0105 technologi\u0119 zaprojektowan\u0105 do zarz\u0105dzania ka\u017cdym procesem gotowania w gastronomii, cukiernictwie i piekarnictwie.<\/p>\n","protected":false},"excerpt":{"rendered":"<p>CHEFTOP-X Digital.ID Profesjonalny, wysokowydajny piec konwekcyjny wyposa\u017cony w najnowszy system operacyjny i inteligentn\u0105 technologi\u0119 zaprojektowan\u0105 do zarz\u0105dzania ka\u017cdym procesem gotowania w gastronomii, cukiernictwie i piekarnictwie.<\/p>\n","protected":false},"featured_media":74789,"template":"","meta":{"_et_pb_use_builder":"","_et_pb_old_content":"","_et_gb_content_width":""},"pwb-brand":[543],"product_brand":[],"product_cat":[541],"product_tag":[],"class_list":{"0":"post-67652","1":"product","2":"type-product","3":"status-publish","4":"has-post-thumbnail","6":"pwb-brand-unox","7":"product_cat-piece-konwekcyjno-parowe","9":"first","10":"instock","11":"taxable","12":"shipping-taxable","13":"purchasable","14":"product-type-simple"},"brands":[{"id":543,"name":"Unox","slug":"unox"}],"_links":{"self":[{"href":"https:\/\/www.multifrigo.pl\/sklep\/wp-json\/wp\/v2\/product\/67652","targetHints":{"allow":["GET"]}}],"collection":[{"href":"https:\/\/www.multifrigo.pl\/sklep\/wp-json\/wp\/v2\/product"}],"about":[{"href":"https:\/\/www.multifrigo.pl\/sklep\/wp-json\/wp\/v2\/types\/product"}],"wp:featuredmedia":[{"embeddable":true,"href":"https:\/\/www.multifrigo.pl\/sklep\/wp-json\/wp\/v2\/media\/74789"}],"wp:attachment":[{"href":"https:\/\/www.multifrigo.pl\/sklep\/wp-json\/wp\/v2\/media?parent=67652"}],"wp:term":[{"taxonomy":"pwb-brand","embeddable":true,"href":"https:\/\/www.multifrigo.pl\/sklep\/wp-json\/wp\/v2\/pwb-brand?post=67652"},{"taxonomy":"product_brand","embeddable":true,"href":"https:\/\/www.multifrigo.pl\/sklep\/wp-json\/wp\/v2\/product_brand?post=67652"},{"taxonomy":"product_cat","embeddable":true,"href":"https:\/\/www.multifrigo.pl\/sklep\/wp-json\/wp\/v2\/product_cat?post=67652"},{"taxonomy":"product_tag","embeddable":true,"href":"https:\/\/www.multifrigo.pl\/sklep\/wp-json\/wp\/v2\/product_tag?post=67652"}],"curies":[{"name":"wp","href":"https:\/\/api.w.org\/{rel}","templated":true}]}}