{"id":67688,"date":"2025-05-30T12:19:16","date_gmt":"2025-05-30T12:19:16","guid":{"rendered":"https:\/\/www.multifrigo.pl\/sklep\/produkt\/piec-konwekcyjno-parowy-cheftop-mind-maps-countertop-one-3-gn-1-1-elektryczny-unox-xevc-0311-e1rm\/"},"modified":"2025-11-18T13:56:23","modified_gmt":"2025-11-18T13:56:23","slug":"piec-konwekcyjno-parowy-cheftop-mind-maps-countertop-one-3-gn-1-1-elektryczny-unox-xevc-0311-e1rm","status":"publish","type":"product","link":"https:\/\/www.multifrigo.pl\/sklep\/produkt\/piec-konwekcyjno-parowy-cheftop-mind-maps-countertop-one-3-gn-1-1-elektryczny-unox-xevc-0311-e1rm\/","title":{"rendered":"Piec konwekcyjno-parowy CHEFTOP MIND.Maps\u2122 COUNTERTOP ONE 3 GN 1\/1 Elektryczny | Unox XEVC-0311-E1RM"},"content":{"rendered":"<p>CHEFTOP MIND.Maps\u2122 ONE to piec konwekcyjno-parowy Unox przeznaczony dla tych, kt\u00f3rzy poszukuj\u0105 najnowszych technologii i prostoty. Mo\u017ce grillowa\u0107, sma\u017cy\u0107, piec, gotowa\u0107 na parze i wiele wi\u0119cej. W prosty i intuicyjny spos\u00f3b. Tak jak lubisz.<\/p>\n","protected":false},"excerpt":{"rendered":"<p>CHEFTOP MIND.Maps\u2122 ONE to piec konwekcyjno-parowy Unox przeznaczony dla tych, kt\u00f3rzy poszukuj\u0105 najnowszych technologii i prostoty. Mo\u017ce grillowa\u0107, sma\u017cy\u0107, piec, gotowa\u0107 na parze i wiele wi\u0119cej. W prosty i intuicyjny spos\u00f3b. Tak jak lubisz.<\/p>\n","protected":false},"featured_media":74759,"template":"","meta":{"_et_pb_use_builder":"","_et_pb_old_content":"","_et_gb_content_width":""},"pwb-brand":[543],"product_brand":[],"product_cat":[541],"product_tag":[],"class_list":{"0":"post-67688","1":"product","2":"type-product","3":"status-publish","4":"has-post-thumbnail","6":"pwb-brand-unox","7":"product_cat-piece-konwekcyjno-parowe","9":"first","10":"instock","11":"taxable","12":"shipping-taxable","13":"purchasable","14":"product-type-simple"},"brands":[{"id":543,"name":"Unox","slug":"unox"}],"_links":{"self":[{"href":"https:\/\/www.multifrigo.pl\/sklep\/wp-json\/wp\/v2\/product\/67688","targetHints":{"allow":["GET"]}}],"collection":[{"href":"https:\/\/www.multifrigo.pl\/sklep\/wp-json\/wp\/v2\/product"}],"about":[{"href":"https:\/\/www.multifrigo.pl\/sklep\/wp-json\/wp\/v2\/types\/product"}],"wp:featuredmedia":[{"embeddable":true,"href":"https:\/\/www.multifrigo.pl\/sklep\/wp-json\/wp\/v2\/media\/74759"}],"wp:attachment":[{"href":"https:\/\/www.multifrigo.pl\/sklep\/wp-json\/wp\/v2\/media?parent=67688"}],"wp:term":[{"taxonomy":"pwb-brand","embeddable":true,"href":"https:\/\/www.multifrigo.pl\/sklep\/wp-json\/wp\/v2\/pwb-brand?post=67688"},{"taxonomy":"product_brand","embeddable":true,"href":"https:\/\/www.multifrigo.pl\/sklep\/wp-json\/wp\/v2\/product_brand?post=67688"},{"taxonomy":"product_cat","embeddable":true,"href":"https:\/\/www.multifrigo.pl\/sklep\/wp-json\/wp\/v2\/product_cat?post=67688"},{"taxonomy":"product_tag","embeddable":true,"href":"https:\/\/www.multifrigo.pl\/sklep\/wp-json\/wp\/v2\/product_tag?post=67688"}],"curies":[{"name":"wp","href":"https:\/\/api.w.org\/{rel}","templated":true}]}}