{"id":67694,"date":"2025-05-30T12:20:27","date_gmt":"2025-05-30T12:20:27","guid":{"rendered":"https:\/\/www.multifrigo.pl\/sklep\/produkt\/piec-konwekcyjno-parowy-bakertop-mind-maps-countertop-one-6-blach-600x400-elektryczny-unox-xebc-06eu-e1rm\/"},"modified":"2025-11-18T13:48:00","modified_gmt":"2025-11-18T13:48:00","slug":"piec-konwekcyjno-parowy-bakertop-mind-maps-countertop-one-6-blach-600x400-elektryczny-unox-xebc-06eu-e1rm","status":"publish","type":"product","link":"https:\/\/www.multifrigo.pl\/sklep\/produkt\/piec-konwekcyjno-parowy-bakertop-mind-maps-countertop-one-6-blach-600x400-elektryczny-unox-xebc-06eu-e1rm\/","title":{"rendered":"Piec konwekcyjno-parowy BAKERTOP MIND.Maps\u2122 COUNTERTOP ONE 6 blach 600&#215;400 Elektryczny | Unox XEBC-06EU-E1RM"},"content":{"rendered":"<p>BAKERTOP MIND.Maps\u2122 ONE to piec konwekcyjno-parowy do wypieku ciast i chleba: doskona\u0142e i r\u00f3wnomierne pieczenie przy ka\u017cdym za\u0142adunku \u017cywno\u015bci. Intuicyjne programowanie i mo\u017cliwo\u015b\u0107 zapami\u0119tania 364 proces\u00f3w gotowania.<\/p>\n","protected":false},"excerpt":{"rendered":"<p>BAKERTOP MIND.Maps\u2122 ONE to piec konwekcyjno-parowy do wypieku ciast i chleba: doskona\u0142e i r\u00f3wnomierne pieczenie przy ka\u017cdym za\u0142adunku \u017cywno\u015bci. Intuicyjne programowanie i mo\u017cliwo\u015b\u0107 zapami\u0119tania 364 proces\u00f3w gotowania.<\/p>\n","protected":false},"featured_media":74752,"template":"","meta":{"_et_pb_use_builder":"","_et_pb_old_content":"","_et_gb_content_width":""},"pwb-brand":[543],"product_brand":[],"product_cat":[541],"product_tag":[],"class_list":{"0":"post-67694","1":"product","2":"type-product","3":"status-publish","4":"has-post-thumbnail","6":"pwb-brand-unox","7":"product_cat-piece-konwekcyjno-parowe","9":"first","10":"instock","11":"taxable","12":"shipping-taxable","13":"purchasable","14":"product-type-simple"},"brands":[{"id":543,"name":"Unox","slug":"unox"}],"_links":{"self":[{"href":"https:\/\/www.multifrigo.pl\/sklep\/wp-json\/wp\/v2\/product\/67694","targetHints":{"allow":["GET"]}}],"collection":[{"href":"https:\/\/www.multifrigo.pl\/sklep\/wp-json\/wp\/v2\/product"}],"about":[{"href":"https:\/\/www.multifrigo.pl\/sklep\/wp-json\/wp\/v2\/types\/product"}],"wp:featuredmedia":[{"embeddable":true,"href":"https:\/\/www.multifrigo.pl\/sklep\/wp-json\/wp\/v2\/media\/74752"}],"wp:attachment":[{"href":"https:\/\/www.multifrigo.pl\/sklep\/wp-json\/wp\/v2\/media?parent=67694"}],"wp:term":[{"taxonomy":"pwb-brand","embeddable":true,"href":"https:\/\/www.multifrigo.pl\/sklep\/wp-json\/wp\/v2\/pwb-brand?post=67694"},{"taxonomy":"product_brand","embeddable":true,"href":"https:\/\/www.multifrigo.pl\/sklep\/wp-json\/wp\/v2\/product_brand?post=67694"},{"taxonomy":"product_cat","embeddable":true,"href":"https:\/\/www.multifrigo.pl\/sklep\/wp-json\/wp\/v2\/product_cat?post=67694"},{"taxonomy":"product_tag","embeddable":true,"href":"https:\/\/www.multifrigo.pl\/sklep\/wp-json\/wp\/v2\/product_tag?post=67694"}],"curies":[{"name":"wp","href":"https:\/\/api.w.org\/{rel}","templated":true}]}}