{"id":67844,"date":"2025-06-02T08:14:01","date_gmt":"2025-06-02T08:14:01","guid":{"rendered":"https:\/\/www.multifrigo.pl\/sklep\/produkt\/urzadzenie-do-hot-dogow-b2000-bartscher-a120427\/"},"modified":"2025-07-17T10:06:24","modified_gmt":"2025-07-17T10:06:24","slug":"urzadzenie-do-hot-dogow-b2000-bartscher-a120427","status":"publish","type":"product","link":"https:\/\/www.multifrigo.pl\/sklep\/produkt\/urzadzenie-do-hot-dogow-b2000-bartscher-a120427\/","title":{"rendered":"Urz\u0105dzenie do hot-dog\u00f3w B2000 | Bartscher A120427"},"content":{"rendered":"<p><b>Urz\u0105dzenie do hot-dog\u00f3w B2000<\/b><\/p>\n<p>My\u015bl\u0105c o ciep\u0142ej przek\u0105sce, do g\u0142owy przychodzi tylko jedno: soczysty hot-dog. Pod\u015bwietlane urz\u0105dzenie do hot-dog\u00f3w przyci\u0105ga wzrok klient\u00f3w i zdumiewa prostot\u0105 obs\u0142ugi dzi\u0119ki odchylanej pokrywie i do\u0142\u0105czonym szczypcom do hot-dog\u00f3w.<\/p>\n","protected":false},"excerpt":{"rendered":"<p>Urz\u0105dzenie do hot-dog\u00f3w B2000 My\u015bl\u0105c o ciep\u0142ej przek\u0105sce, do g\u0142owy przychodzi tylko jedno: soczysty hot-dog. Pod\u015bwietlane urz\u0105dzenie do hot-dog\u00f3w przyci\u0105ga wzrok klient\u00f3w i zdumiewa prostot\u0105 obs\u0142ugi dzi\u0119ki odchylanej pokrywie i do\u0142\u0105czonym szczypcom do hot-dog\u00f3w.<\/p>\n","protected":false},"featured_media":70263,"template":"","meta":{"_et_pb_use_builder":"","_et_pb_old_content":"","_et_gb_content_width":""},"pwb-brand":[1577],"product_brand":[],"product_cat":[465],"product_tag":[],"class_list":{"0":"post-67844","1":"product","2":"type-product","3":"status-publish","4":"has-post-thumbnail","6":"pwb-brand-bartscher","7":"product_cat-urzadzenia-do-hot-dogow-urzadzenia-do-hot-dogow","9":"first","10":"instock","11":"taxable","12":"shipping-taxable","13":"purchasable","14":"product-type-simple"},"brands":[{"id":1577,"name":"Bartscher","slug":"bartscher"}],"_links":{"self":[{"href":"https:\/\/www.multifrigo.pl\/sklep\/wp-json\/wp\/v2\/product\/67844","targetHints":{"allow":["GET"]}}],"collection":[{"href":"https:\/\/www.multifrigo.pl\/sklep\/wp-json\/wp\/v2\/product"}],"about":[{"href":"https:\/\/www.multifrigo.pl\/sklep\/wp-json\/wp\/v2\/types\/product"}],"wp:featuredmedia":[{"embeddable":true,"href":"https:\/\/www.multifrigo.pl\/sklep\/wp-json\/wp\/v2\/media\/70263"}],"wp:attachment":[{"href":"https:\/\/www.multifrigo.pl\/sklep\/wp-json\/wp\/v2\/media?parent=67844"}],"wp:term":[{"taxonomy":"pwb-brand","embeddable":true,"href":"https:\/\/www.multifrigo.pl\/sklep\/wp-json\/wp\/v2\/pwb-brand?post=67844"},{"taxonomy":"product_brand","embeddable":true,"href":"https:\/\/www.multifrigo.pl\/sklep\/wp-json\/wp\/v2\/product_brand?post=67844"},{"taxonomy":"product_cat","embeddable":true,"href":"https:\/\/www.multifrigo.pl\/sklep\/wp-json\/wp\/v2\/product_cat?post=67844"},{"taxonomy":"product_tag","embeddable":true,"href":"https:\/\/www.multifrigo.pl\/sklep\/wp-json\/wp\/v2\/product_tag?post=67844"}],"curies":[{"name":"wp","href":"https:\/\/api.w.org\/{rel}","templated":true}]}}