{"id":68182,"date":"2025-06-02T08:42:08","date_gmt":"2025-06-02T08:42:08","guid":{"rendered":"https:\/\/www.multifrigo.pl\/sklep\/produkt\/piec-konwekcyjno-parowy-silversteam2-7110m-bartscher-116828\/"},"modified":"2025-07-17T10:09:00","modified_gmt":"2025-07-17T10:09:00","slug":"piec-konwekcyjno-parowy-silversteam2-7110m-bartscher-116828","status":"publish","type":"product","link":"https:\/\/www.multifrigo.pl\/sklep\/produkt\/piec-konwekcyjno-parowy-silversteam2-7110m-bartscher-116828\/","title":{"rendered":"Piec konwekcyjno-parowy Silversteam2 7110M | Bartscher 116828"},"content":{"rendered":"<p><b>Piec konwekcyjno-parowy Silversteam2 7110M<\/b><\/p>\n<p>Idealny partner w ka\u017cdej kuchni: piec konwekcyjno-parowy marki Bartscher z serii Silversteam2 z 7 parami prowadnic w formacie 1\/1 GN. Gotowanie z termoobiegiem, gotowanie na parze (w tym r\u00f3wnie\u017c gotowanie typu kombi) lub gotowanie niskotemperaturowe \u2013 obs\u0142uga r\u0119czna pozwala na nieskomplikowane kontrolowanie wszystkich proces\u00f3w obr\u00f3bki termicznej w zale\u017cno\u015bci od potrzeb \u2013 z bagnetow\u0105 sond\u0105 temperatury lub bez.<\/p>\n","protected":false},"excerpt":{"rendered":"<p>Piec konwekcyjno-parowy Silversteam2 7110M Idealny partner w ka\u017cdej kuchni: piec konwekcyjno-parowy marki Bartscher z serii Silversteam2 z 7 parami prowadnic w formacie 1\/1 GN. Gotowanie z termoobiegiem, gotowanie na parze (w tym r\u00f3wnie\u017c gotowanie typu kombi) lub gotowanie niskotemperaturowe \u2013 obs\u0142uga r\u0119czna pozwala na nieskomplikowane kontrolowanie wszystkich proces\u00f3w obr\u00f3bki termicznej w zale\u017cno\u015bci od potrzeb \u2013 [&hellip;]<\/p>\n","protected":false},"featured_media":70349,"template":"","meta":{"_et_pb_use_builder":"","_et_pb_old_content":"","_et_gb_content_width":""},"pwb-brand":[1577],"product_brand":[],"product_cat":[541],"product_tag":[],"class_list":{"0":"post-68182","1":"product","2":"type-product","3":"status-publish","4":"has-post-thumbnail","6":"pwb-brand-bartscher","7":"product_cat-piece-konwekcyjno-parowe","9":"first","10":"instock","11":"taxable","12":"shipping-taxable","13":"purchasable","14":"product-type-simple"},"brands":[{"id":1577,"name":"Bartscher","slug":"bartscher"}],"_links":{"self":[{"href":"https:\/\/www.multifrigo.pl\/sklep\/wp-json\/wp\/v2\/product\/68182","targetHints":{"allow":["GET"]}}],"collection":[{"href":"https:\/\/www.multifrigo.pl\/sklep\/wp-json\/wp\/v2\/product"}],"about":[{"href":"https:\/\/www.multifrigo.pl\/sklep\/wp-json\/wp\/v2\/types\/product"}],"wp:featuredmedia":[{"embeddable":true,"href":"https:\/\/www.multifrigo.pl\/sklep\/wp-json\/wp\/v2\/media\/70349"}],"wp:attachment":[{"href":"https:\/\/www.multifrigo.pl\/sklep\/wp-json\/wp\/v2\/media?parent=68182"}],"wp:term":[{"taxonomy":"pwb-brand","embeddable":true,"href":"https:\/\/www.multifrigo.pl\/sklep\/wp-json\/wp\/v2\/pwb-brand?post=68182"},{"taxonomy":"product_brand","embeddable":true,"href":"https:\/\/www.multifrigo.pl\/sklep\/wp-json\/wp\/v2\/product_brand?post=68182"},{"taxonomy":"product_cat","embeddable":true,"href":"https:\/\/www.multifrigo.pl\/sklep\/wp-json\/wp\/v2\/product_cat?post=68182"},{"taxonomy":"product_tag","embeddable":true,"href":"https:\/\/www.multifrigo.pl\/sklep\/wp-json\/wp\/v2\/product_tag?post=68182"}],"curies":[{"name":"wp","href":"https:\/\/api.w.org\/{rel}","templated":true}]}}