{"id":68306,"date":"2025-06-02T09:56:01","date_gmt":"2025-06-02T09:56:01","guid":{"rendered":"https:\/\/www.multifrigo.pl\/sklep\/produkt\/okap-do-wyciagu-oparow-silversteam2-bartscher-116116\/"},"modified":"2025-07-17T10:09:41","modified_gmt":"2025-07-17T10:09:41","slug":"okap-do-wyciagu-oparow-silversteam2-bartscher-116116","status":"publish","type":"product","link":"https:\/\/www.multifrigo.pl\/sklep\/produkt\/okap-do-wyciagu-oparow-silversteam2-bartscher-116116\/","title":{"rendered":"Okap do wyci\u0105gu opar\u00f3w Silversteam2 | Bartscher 116116"},"content":{"rendered":"<p><b>Okap do wyci\u0105gu opar\u00f3w Silversteam2<\/b><\/p>\n<p>Podczas gotowania lub otwierania drzwi &#8211; w przypadku piec\u00f3w konwekcyjno-parowych z serii Silversteam2 nie da si\u0119 unikn\u0105\u0107 ulatniaj\u0105cej si\u0119 pary. Z pomoc\u0105 przychodzi okap do wyci\u0105gu opar\u00f3w. Zapewnia lepszy klimat w kuchni oraz zapobiega osadzaniu si\u0119 t\u0142uszczu i skroplin na meblach i \u015bcianach.<\/p>\n","protected":false},"excerpt":{"rendered":"<p>Okap do wyci\u0105gu opar\u00f3w Silversteam2 Podczas gotowania lub otwierania drzwi &#8211; w przypadku piec\u00f3w konwekcyjno-parowych z serii Silversteam2 nie da si\u0119 unikn\u0105\u0107 ulatniaj\u0105cej si\u0119 pary. Z pomoc\u0105 przychodzi okap do wyci\u0105gu opar\u00f3w. Zapewnia lepszy klimat w kuchni oraz zapobiega osadzaniu si\u0119 t\u0142uszczu i skroplin na meblach i \u015bcianach.<\/p>\n","protected":false},"featured_media":70372,"template":"","meta":{"_et_pb_use_builder":"","_et_pb_old_content":"","_et_gb_content_width":""},"pwb-brand":[1577],"product_brand":[],"product_cat":[549],"product_tag":[],"class_list":{"0":"post-68306","1":"product","2":"type-product","3":"status-publish","4":"has-post-thumbnail","6":"pwb-brand-bartscher","7":"product_cat-okapy-do-piecow","9":"first","10":"instock","11":"taxable","12":"shipping-taxable","13":"purchasable","14":"product-type-simple"},"brands":[{"id":1577,"name":"Bartscher","slug":"bartscher"}],"_links":{"self":[{"href":"https:\/\/www.multifrigo.pl\/sklep\/wp-json\/wp\/v2\/product\/68306","targetHints":{"allow":["GET"]}}],"collection":[{"href":"https:\/\/www.multifrigo.pl\/sklep\/wp-json\/wp\/v2\/product"}],"about":[{"href":"https:\/\/www.multifrigo.pl\/sklep\/wp-json\/wp\/v2\/types\/product"}],"wp:featuredmedia":[{"embeddable":true,"href":"https:\/\/www.multifrigo.pl\/sklep\/wp-json\/wp\/v2\/media\/70372"}],"wp:attachment":[{"href":"https:\/\/www.multifrigo.pl\/sklep\/wp-json\/wp\/v2\/media?parent=68306"}],"wp:term":[{"taxonomy":"pwb-brand","embeddable":true,"href":"https:\/\/www.multifrigo.pl\/sklep\/wp-json\/wp\/v2\/pwb-brand?post=68306"},{"taxonomy":"product_brand","embeddable":true,"href":"https:\/\/www.multifrigo.pl\/sklep\/wp-json\/wp\/v2\/product_brand?post=68306"},{"taxonomy":"product_cat","embeddable":true,"href":"https:\/\/www.multifrigo.pl\/sklep\/wp-json\/wp\/v2\/product_cat?post=68306"},{"taxonomy":"product_tag","embeddable":true,"href":"https:\/\/www.multifrigo.pl\/sklep\/wp-json\/wp\/v2\/product_tag?post=68306"}],"curies":[{"name":"wp","href":"https:\/\/api.w.org\/{rel}","templated":true}]}}