{"id":73359,"date":"2025-09-25T12:29:30","date_gmt":"2025-09-25T12:29:30","guid":{"rendered":"https:\/\/www.multifrigo.pl\/sklep\/produkt\/krajalnica-reczna-do-wedlin-210n-ma-ga\/"},"modified":"2026-04-01T12:57:03","modified_gmt":"2026-04-01T12:57:03","slug":"krajalnica-reczna-do-wedlin-210n-ma-ga","status":"publish","type":"product","link":"https:\/\/www.multifrigo.pl\/sklep\/produkt\/krajalnica-reczna-do-wedlin-210n-ma-ga\/","title":{"rendered":"Krajalnica r\u0119czna do w\u0119dlin 210N | Ma-Ga"},"content":{"rendered":"<p><b>Krajalnica r\u0119czna do w\u0119dlin 210N<\/b><br \/>\u2022 przeznaczenie: sklepy, catering, gastronomia<br \/>\n \u2022 idealna do krojenia w\u0119dlin, ser\u00f3w, mi\u0119sa, pieczywa<br \/>\n \u2022 wykonana z materia\u0142\u00f3w nierdzewnych<br \/>\n \u2022 pochylone ostrze o \u015brednicy 250 mm<br \/>\n \u2022 grubo\u015b\u0107 krojonego plastra 0 \u2013 15 mm<br \/>\n \u2022 maksymalne gabaryty krojonego produktu: 230x150mm dla przekroju prostok\u0105tnego oraz 170mm dla przekroju okr\u0105g\u0142ego<br \/>\n \u2022 wbudowana ostrzarka<br \/>\n \u2022 cicha praca nap\u0119du<br \/>\n \u2022 nie mo\u017cna kroi\u0107 produkt\u00f3w: zamro\u017conych, z ko\u015bci\u0105, nie \u017cywno\u015bciowych<br \/>\n \u2022 zasilanie: 230 V<br \/>\n \u2022 wymiary: 600x500x470 mm<br \/>\n \u2022 moc: 210 W<br \/>\n \u2022 waga: 23 kg<br \/>\n \u2022 \u015brednica tarczy: 250 <\/p>\n","protected":false},"excerpt":{"rendered":"<p>Krajalnica r\u0119czna do w\u0119dlin 210N\u2022 przeznaczenie: sklepy, catering, gastronomia \u2022 idealna do krojenia w\u0119dlin, ser\u00f3w, mi\u0119sa, pieczywa \u2022 wykonana z materia\u0142\u00f3w nierdzewnych \u2022 pochylone ostrze o \u015brednicy 250 mm \u2022 grubo\u015b\u0107 krojonego plastra 0 \u2013 15 mm \u2022 maksymalne gabaryty krojonego produktu: 230x150mm dla przekroju prostok\u0105tnego oraz 170mm dla przekroju okr\u0105g\u0142ego \u2022 wbudowana ostrzarka \u2022 [&hellip;]<\/p>\n","protected":false},"featured_media":73375,"template":"","meta":{"_et_pb_use_builder":"","_et_pb_old_content":"","_et_gb_content_width":""},"pwb-brand":[1110],"product_brand":[],"product_cat":[433],"product_tag":[],"class_list":{"0":"post-73359","1":"product","2":"type-product","3":"status-publish","4":"has-post-thumbnail","6":"pwb-brand-ma-ga","7":"product_cat-krajalnice-grawitacyjne","9":"first","10":"instock","11":"taxable","12":"shipping-taxable","13":"purchasable","14":"product-type-simple"},"brands":[{"id":1110,"name":"Ma-Ga","slug":"ma-ga"}],"_links":{"self":[{"href":"https:\/\/www.multifrigo.pl\/sklep\/wp-json\/wp\/v2\/product\/73359","targetHints":{"allow":["GET"]}}],"collection":[{"href":"https:\/\/www.multifrigo.pl\/sklep\/wp-json\/wp\/v2\/product"}],"about":[{"href":"https:\/\/www.multifrigo.pl\/sklep\/wp-json\/wp\/v2\/types\/product"}],"wp:featuredmedia":[{"embeddable":true,"href":"https:\/\/www.multifrigo.pl\/sklep\/wp-json\/wp\/v2\/media\/73375"}],"wp:attachment":[{"href":"https:\/\/www.multifrigo.pl\/sklep\/wp-json\/wp\/v2\/media?parent=73359"}],"wp:term":[{"taxonomy":"pwb-brand","embeddable":true,"href":"https:\/\/www.multifrigo.pl\/sklep\/wp-json\/wp\/v2\/pwb-brand?post=73359"},{"taxonomy":"product_brand","embeddable":true,"href":"https:\/\/www.multifrigo.pl\/sklep\/wp-json\/wp\/v2\/product_brand?post=73359"},{"taxonomy":"product_cat","embeddable":true,"href":"https:\/\/www.multifrigo.pl\/sklep\/wp-json\/wp\/v2\/product_cat?post=73359"},{"taxonomy":"product_tag","embeddable":true,"href":"https:\/\/www.multifrigo.pl\/sklep\/wp-json\/wp\/v2\/product_tag?post=73359"}],"curies":[{"name":"wp","href":"https:\/\/api.w.org\/{rel}","templated":true}]}}