{"id":73361,"date":"2025-09-25T12:30:08","date_gmt":"2025-09-25T12:30:08","guid":{"rendered":"https:\/\/www.multifrigo.pl\/sklep\/produkt\/krajalnica-reczna-do-sera-teflon-210nt-ma-ga\/"},"modified":"2026-04-01T12:57:03","modified_gmt":"2026-04-01T12:57:03","slug":"krajalnica-reczna-do-sera-teflon-210nt-ma-ga","status":"publish","type":"product","link":"https:\/\/www.multifrigo.pl\/sklep\/produkt\/krajalnica-reczna-do-sera-teflon-210nt-ma-ga\/","title":{"rendered":"Krajalnica r\u0119czna do w\u0119dlin i sera 210NT (teflon) | Ma-Ga"},"content":{"rendered":"<p><b>Krajalnica r\u0119czna do w\u0119dlin i sera 210NT (teflon)<\/b><br \/>\u2022 przeznaczona do u\u017cytku w sklepach, cateringu i gastronomii<br \/>\n \u2022 idealna do krojenia sera<br \/>\n \u2022 wykonana z materia\u0142\u00f3w nierdzewnych<br \/>\n \u2022 n\u00f3\u017c, pokrywa no\u017ca i p\u0142yta oporowa pokryte teflonem<br \/>\n \u2022 pochylone ostrze o \u015brednicy 250 mm<br \/>\n \u2022 idealne pochylenie sto\u0142u podawczego do no\u017ca 45\u00b0<br \/>\n \u2022 maksymalne gabaryty krojonego produktu: 230x150mm dla przekroju prostok\u0105tnego oraz 170mm dla przekroju okr\u0105g\u0142ego<br \/>\n \u2022 wymiary sto\u0142u 220 x 200 mm<br \/>\n \u2022 grubo\u015b\u0107 krojonego plastra 0 &#8211; 16 mm<br \/>\n \u2022 wbudowana ostrzarka<br \/>\n \u2022 cicha praca nap\u0119du<\/p>\n","protected":false},"excerpt":{"rendered":"<p>Krajalnica r\u0119czna do w\u0119dlin i sera 210NT (teflon)\u2022 przeznaczona do u\u017cytku w sklepach, cateringu i gastronomii \u2022 idealna do krojenia sera \u2022 wykonana z materia\u0142\u00f3w nierdzewnych \u2022 n\u00f3\u017c, pokrywa no\u017ca i p\u0142yta oporowa pokryte teflonem \u2022 pochylone ostrze o \u015brednicy 250 mm \u2022 idealne pochylenie sto\u0142u podawczego do no\u017ca 45\u00b0 \u2022 maksymalne gabaryty krojonego produktu: [&hellip;]<\/p>\n","protected":false},"featured_media":73376,"template":"","meta":{"_et_pb_use_builder":"","_et_pb_old_content":"","_et_gb_content_width":""},"pwb-brand":[1110],"product_brand":[],"product_cat":[433],"product_tag":[],"class_list":{"0":"post-73361","1":"product","2":"type-product","3":"status-publish","4":"has-post-thumbnail","6":"pwb-brand-ma-ga","7":"product_cat-krajalnice-grawitacyjne","9":"first","10":"instock","11":"taxable","12":"shipping-taxable","13":"purchasable","14":"product-type-simple"},"brands":[{"id":1110,"name":"Ma-Ga","slug":"ma-ga"}],"_links":{"self":[{"href":"https:\/\/www.multifrigo.pl\/sklep\/wp-json\/wp\/v2\/product\/73361","targetHints":{"allow":["GET"]}}],"collection":[{"href":"https:\/\/www.multifrigo.pl\/sklep\/wp-json\/wp\/v2\/product"}],"about":[{"href":"https:\/\/www.multifrigo.pl\/sklep\/wp-json\/wp\/v2\/types\/product"}],"wp:featuredmedia":[{"embeddable":true,"href":"https:\/\/www.multifrigo.pl\/sklep\/wp-json\/wp\/v2\/media\/73376"}],"wp:attachment":[{"href":"https:\/\/www.multifrigo.pl\/sklep\/wp-json\/wp\/v2\/media?parent=73361"}],"wp:term":[{"taxonomy":"pwb-brand","embeddable":true,"href":"https:\/\/www.multifrigo.pl\/sklep\/wp-json\/wp\/v2\/pwb-brand?post=73361"},{"taxonomy":"product_brand","embeddable":true,"href":"https:\/\/www.multifrigo.pl\/sklep\/wp-json\/wp\/v2\/product_brand?post=73361"},{"taxonomy":"product_cat","embeddable":true,"href":"https:\/\/www.multifrigo.pl\/sklep\/wp-json\/wp\/v2\/product_cat?post=73361"},{"taxonomy":"product_tag","embeddable":true,"href":"https:\/\/www.multifrigo.pl\/sklep\/wp-json\/wp\/v2\/product_tag?post=73361"}],"curies":[{"name":"wp","href":"https:\/\/api.w.org\/{rel}","templated":true}]}}