{"id":75902,"date":"2026-05-11T10:06:19","date_gmt":"2026-05-11T10:06:19","guid":{"rendered":"https:\/\/www.multifrigo.pl\/sklep\/produkt\/zmiekczacz-polautomatyczny-eco-4-e-mijar\/"},"modified":"2026-05-11T10:12:49","modified_gmt":"2026-05-11T10:12:49","slug":"zmiekczacz-wody-polautomatyczny-eco-4-e-mijar","status":"publish","type":"product","link":"https:\/\/www.multifrigo.pl\/sklep\/produkt\/zmiekczacz-wody-polautomatyczny-eco-4-e-mijar\/","title":{"rendered":"Zmi\u0119kczacz wody p\u00f3\u0142automatyczny ECO 4 E | Mijar"},"content":{"rendered":"<p><b>Zmi\u0119kczacz wody automatyczny ECO 5 B65 <\/b><br \/>\n<br \/>G\u0142owica : E<br \/>\n<br \/>Regeneracja rozpoczyna si\u0119 po wci\u015bni\u0119ciu przycisku, brak wody podczas regeneracji.<\/p>\n<p>\u2022 Elektroniczna g\u0142owica steruj\u0105ca<br \/>\n\u2022 Proces regeneracji odbywa si\u0119 po r\u0119cznym zainicjowaniu (wci\u015bni\u0119ciu przycisku REGEN)<br \/>\n\u2022 Ca\u0142y proces regeneracji przeprowadzony jest automatycznie<br \/>\n\u2022 Urz\u0105dzenie proste w obs\u0142udze<br \/>\n\u2022 Podczas regeneracji woda dla urz\u0105dzenia ko\u0144cowego nie jest dost\u0119pna<br \/>\n\u2022 Maksymalny przep\u0142yw wody to 35l\/min<\/p>\n","protected":false},"excerpt":{"rendered":"<p>Zmi\u0119kczacz wody automatyczny ECO 5 B65 G\u0142owica : E Regeneracja rozpoczyna si\u0119 po wci\u015bni\u0119ciu przycisku, brak wody podczas regeneracji. \u2022 Elektroniczna g\u0142owica steruj\u0105ca \u2022 Proces regeneracji odbywa si\u0119 po r\u0119cznym zainicjowaniu (wci\u015bni\u0119ciu przycisku REGEN) \u2022 Ca\u0142y proces regeneracji przeprowadzony jest automatycznie \u2022 Urz\u0105dzenie proste w obs\u0142udze \u2022 Podczas regeneracji woda dla urz\u0105dzenia ko\u0144cowego nie jest [&hellip;]<\/p>\n","protected":false},"featured_media":0,"template":"","meta":{"_et_pb_use_builder":"","_et_pb_old_content":"","_et_gb_content_width":""},"pwb-brand":[5920],"product_brand":[],"product_cat":[514],"product_tag":[],"class_list":{"0":"post-75902","1":"product","2":"type-product","3":"status-publish","5":"pwb-brand-mijar","6":"product_cat-polautomatyczne","8":"first","9":"instock","10":"taxable","11":"shipping-taxable","12":"purchasable","13":"product-type-simple"},"brands":[{"id":5920,"name":"Mijar","slug":"mijar"}],"_links":{"self":[{"href":"https:\/\/www.multifrigo.pl\/sklep\/wp-json\/wp\/v2\/product\/75902","targetHints":{"allow":["GET"]}}],"collection":[{"href":"https:\/\/www.multifrigo.pl\/sklep\/wp-json\/wp\/v2\/product"}],"about":[{"href":"https:\/\/www.multifrigo.pl\/sklep\/wp-json\/wp\/v2\/types\/product"}],"wp:attachment":[{"href":"https:\/\/www.multifrigo.pl\/sklep\/wp-json\/wp\/v2\/media?parent=75902"}],"wp:term":[{"taxonomy":"pwb-brand","embeddable":true,"href":"https:\/\/www.multifrigo.pl\/sklep\/wp-json\/wp\/v2\/pwb-brand?post=75902"},{"taxonomy":"product_brand","embeddable":true,"href":"https:\/\/www.multifrigo.pl\/sklep\/wp-json\/wp\/v2\/product_brand?post=75902"},{"taxonomy":"product_cat","embeddable":true,"href":"https:\/\/www.multifrigo.pl\/sklep\/wp-json\/wp\/v2\/product_cat?post=75902"},{"taxonomy":"product_tag","embeddable":true,"href":"https:\/\/www.multifrigo.pl\/sklep\/wp-json\/wp\/v2\/product_tag?post=75902"}],"curies":[{"name":"wp","href":"https:\/\/api.w.org\/{rel}","templated":true}]}}