{"id":8028,"date":"2024-07-03T12:52:08","date_gmt":"2024-07-03T12:52:08","guid":{"rendered":"https:\/\/multifrigo.pl\/sklep\/produkt\/zestaw-nozy-sanelli-premana-professional-sanelli-200005\/"},"modified":"2025-05-19T11:12:55","modified_gmt":"2025-05-19T11:12:55","slug":"zestaw-nozy-sanelli-premana-professional-sanelli-200005","status":"publish","type":"product","link":"https:\/\/www.multifrigo.pl\/sklep\/produkt\/zestaw-nozy-sanelli-premana-professional-sanelli-200005\/","title":{"rendered":"Zestaw no\u017cy, Sanelli, Premana Professional | Sanelli 200005"},"content":{"rendered":"<p><LI>zestaw zawiera  no\u017ce walcowane: 218250, 219240, 207160, 214100, 216060 oraz pokrowiec zapinany na klamr\u0119 o wymiarach 460 mm x 160 mm  <LI>antypo\u015blizgowa r\u0119koje\u015b\u0107 wykonana z wytrzyma\u0142ego tworzywa Santoprene i polipropylenu z dodatkiem antybakteryjnego czynnika Biomaster  <LI>ostrze ze stali chromowo-molibdenowej  <LI>twardo\u015b\u0107 ostrza 54-56 HRC  <\/p>\n","protected":false},"excerpt":{"rendered":"<p>zestaw zawiera no\u017ce walcowane: 218250, 219240, 207160, 214100, 216060 oraz pokrowiec zapinany na klamr\u0119 o wymiarach 460 mm x 160 mm antypo\u015blizgowa r\u0119koje\u015b\u0107 wykonana z wytrzyma\u0142ego tworzywa Santoprene i polipropylenu z dodatkiem antybakteryjnego czynnika Biomaster ostrze ze stali chromowo-molibdenowej twardo\u015b\u0107 ostrza 54-56 HRC<\/p>\n","protected":false},"featured_media":12882,"template":"","meta":{"_et_pb_use_builder":"","_et_pb_old_content":"","_et_gb_content_width":""},"pwb-brand":[163],"product_brand":[],"product_cat":[152],"product_tag":[],"class_list":{"0":"post-8028","1":"product","2":"type-product","3":"status-publish","4":"has-post-thumbnail","6":"pwb-brand-sanelli","7":"product_cat-pozostale-noze","9":"first","10":"instock","11":"taxable","12":"shipping-taxable","13":"purchasable","14":"product-type-simple"},"brands":[{"id":163,"name":"Sanelli","slug":"sanelli"}],"_links":{"self":[{"href":"https:\/\/www.multifrigo.pl\/sklep\/wp-json\/wp\/v2\/product\/8028","targetHints":{"allow":["GET"]}}],"collection":[{"href":"https:\/\/www.multifrigo.pl\/sklep\/wp-json\/wp\/v2\/product"}],"about":[{"href":"https:\/\/www.multifrigo.pl\/sklep\/wp-json\/wp\/v2\/types\/product"}],"wp:featuredmedia":[{"embeddable":true,"href":"https:\/\/www.multifrigo.pl\/sklep\/wp-json\/wp\/v2\/media\/12882"}],"wp:attachment":[{"href":"https:\/\/www.multifrigo.pl\/sklep\/wp-json\/wp\/v2\/media?parent=8028"}],"wp:term":[{"taxonomy":"pwb-brand","embeddable":true,"href":"https:\/\/www.multifrigo.pl\/sklep\/wp-json\/wp\/v2\/pwb-brand?post=8028"},{"taxonomy":"product_brand","embeddable":true,"href":"https:\/\/www.multifrigo.pl\/sklep\/wp-json\/wp\/v2\/product_brand?post=8028"},{"taxonomy":"product_cat","embeddable":true,"href":"https:\/\/www.multifrigo.pl\/sklep\/wp-json\/wp\/v2\/product_cat?post=8028"},{"taxonomy":"product_tag","embeddable":true,"href":"https:\/\/www.multifrigo.pl\/sklep\/wp-json\/wp\/v2\/product_tag?post=8028"}],"curies":[{"name":"wp","href":"https:\/\/api.w.org\/{rel}","templated":true}]}}