{"id":8037,"date":"2024-07-03T12:52:09","date_gmt":"2024-07-03T12:52:09","guid":{"rendered":"https:\/\/multifrigo.pl\/sklep\/produkt\/noz-do-filetowania-kuty-l-180-mm-stalgast-204189\/"},"modified":"2025-05-19T11:13:06","modified_gmt":"2025-05-19T11:13:06","slug":"noz-do-filetowania-kuty-l-180-mm-stalgast-204189","status":"publish","type":"product","link":"https:\/\/www.multifrigo.pl\/sklep\/produkt\/noz-do-filetowania-kuty-l-180-mm-stalgast-204189\/","title":{"rendered":"N\u00f3\u017c do filetowania, kuty, L 180 mm | Stalgast 204189"},"content":{"rendered":"<p><LI>twardo\u015b\u0107 ostrza 52-54 HRC  <LI>no\u017ce Stalgast wykonane s\u0105 z kutego pr\u0119ta stalowego  <LI>r\u0119koje\u015b\u0107 dopasowana w spos\u00f3b uniemo\u017cliwiaj\u0105cy gromadzenie si\u0119 resztek w miejscach \u0142\u0105czenia  <LI>wymiar L d\u0142ugo\u015b\u0107 ostrza  <\/p>\n","protected":false},"excerpt":{"rendered":"<p>twardo\u015b\u0107 ostrza 52-54 HRC no\u017ce Stalgast wykonane s\u0105 z kutego pr\u0119ta stalowego r\u0119koje\u015b\u0107 dopasowana w spos\u00f3b uniemo\u017cliwiaj\u0105cy gromadzenie si\u0119 resztek w miejscach \u0142\u0105czenia wymiar L d\u0142ugo\u015b\u0107 ostrza<\/p>\n","protected":false},"featured_media":12901,"template":"","meta":{"_et_pb_use_builder":"","_et_pb_old_content":"","_et_gb_content_width":""},"pwb-brand":[62],"product_brand":[],"product_cat":[156],"product_tag":[],"class_list":{"0":"post-8037","1":"product","2":"type-product","3":"status-publish","4":"has-post-thumbnail","6":"pwb-brand-stalgast","7":"product_cat-noze-do-ryb","9":"first","10":"instock","11":"taxable","12":"shipping-taxable","13":"purchasable","14":"product-type-simple"},"brands":[{"id":62,"name":"Stalgast","slug":"stalgast"}],"_links":{"self":[{"href":"https:\/\/www.multifrigo.pl\/sklep\/wp-json\/wp\/v2\/product\/8037","targetHints":{"allow":["GET"]}}],"collection":[{"href":"https:\/\/www.multifrigo.pl\/sklep\/wp-json\/wp\/v2\/product"}],"about":[{"href":"https:\/\/www.multifrigo.pl\/sklep\/wp-json\/wp\/v2\/types\/product"}],"wp:featuredmedia":[{"embeddable":true,"href":"https:\/\/www.multifrigo.pl\/sklep\/wp-json\/wp\/v2\/media\/12901"}],"wp:attachment":[{"href":"https:\/\/www.multifrigo.pl\/sklep\/wp-json\/wp\/v2\/media?parent=8037"}],"wp:term":[{"taxonomy":"pwb-brand","embeddable":true,"href":"https:\/\/www.multifrigo.pl\/sklep\/wp-json\/wp\/v2\/pwb-brand?post=8037"},{"taxonomy":"product_brand","embeddable":true,"href":"https:\/\/www.multifrigo.pl\/sklep\/wp-json\/wp\/v2\/product_brand?post=8037"},{"taxonomy":"product_cat","embeddable":true,"href":"https:\/\/www.multifrigo.pl\/sklep\/wp-json\/wp\/v2\/product_cat?post=8037"},{"taxonomy":"product_tag","embeddable":true,"href":"https:\/\/www.multifrigo.pl\/sklep\/wp-json\/wp\/v2\/product_tag?post=8037"}],"curies":[{"name":"wp","href":"https:\/\/api.w.org\/{rel}","templated":true}]}}