{"id":8090,"date":"2024-07-03T12:52:19","date_gmt":"2024-07-03T12:52:19","guid":{"rendered":"https:\/\/multifrigo.pl\/sklep\/produkt\/siekacz-zmiekczajacy-do-miesa-czerwony-45-ostrzy-victor-247514\/"},"modified":"2025-05-19T11:14:01","modified_gmt":"2025-05-19T11:14:01","slug":"siekacz-zmiekczajacy-do-miesa-czerwony-45-ostrzy-victor-247514","status":"publish","type":"product","link":"https:\/\/www.multifrigo.pl\/sklep\/produkt\/siekacz-zmiekczajacy-do-miesa-czerwony-45-ostrzy-victor-247514\/","title":{"rendered":"Siekacz zmi\u0119kczaj\u0105cy do mi\u0119sa, czerwony, 45 ostrzy | Victor 247514"},"content":{"rendered":"<p><LI>profesjonalny siekacz zmi\u0119kczaj\u0105cy do mi\u0119sa  <LI>ostrza w dw\u00f3ch rz\u0119dach wykonane z wysokiej jako\u015bci stali nierdzewnej  <LI>por\u0119czny, sprawia, \u017ce mi\u0119so jest delikatniejsze, mi\u0119kkie i bardziej soczyste  <LI>w\u0142\u00f3kna mi\u0119sa zostaj\u0105 naci\u0119te, nie zmia\u017cdzone  <LI>czas obr\u00f3bki mi\u0119sa jak i jego sma\u017cenia, pieczenia lub grillowania ulega znacznemu skr\u00f3ceniu  <LI>mo\u017cliwo\u015b\u0107 zdj\u0119cia stopki w celu czyszczenia  <LI>uwaga! Nale\u017cy zachowa\u0107 ostro\u017cno\u015b\u0107 przy myciu &#8211; bardzo ostre no\u017ce  <LI>liczba ostrzy &#8211; 45  <\/p>\n","protected":false},"excerpt":{"rendered":"<p>profesjonalny siekacz zmi\u0119kczaj\u0105cy do mi\u0119sa ostrza w dw\u00f3ch rz\u0119dach wykonane z wysokiej jako\u015bci stali nierdzewnej por\u0119czny, sprawia, \u017ce mi\u0119so jest delikatniejsze, mi\u0119kkie i bardziej soczyste w\u0142\u00f3kna mi\u0119sa zostaj\u0105 naci\u0119te, nie zmia\u017cdzone czas obr\u00f3bki mi\u0119sa jak i jego sma\u017cenia, pieczenia lub grillowania ulega znacznemu skr\u00f3ceniu mo\u017cliwo\u015b\u0107 zdj\u0119cia stopki w celu czyszczenia uwaga! Nale\u017cy zachowa\u0107 ostro\u017cno\u015b\u0107 przy [&hellip;]<\/p>\n","protected":false},"featured_media":13020,"template":"","meta":{"_et_pb_use_builder":"","_et_pb_old_content":"","_et_gb_content_width":""},"pwb-brand":[177],"product_brand":[],"product_cat":[169],"product_tag":[],"class_list":{"0":"post-8090","1":"product","2":"type-product","3":"status-publish","4":"has-post-thumbnail","6":"pwb-brand-victor","7":"product_cat-tluczki-do-miesa","9":"first","10":"instock","11":"taxable","12":"shipping-taxable","13":"purchasable","14":"product-type-simple"},"brands":[{"id":177,"name":"Victor","slug":"victor"}],"_links":{"self":[{"href":"https:\/\/www.multifrigo.pl\/sklep\/wp-json\/wp\/v2\/product\/8090","targetHints":{"allow":["GET"]}}],"collection":[{"href":"https:\/\/www.multifrigo.pl\/sklep\/wp-json\/wp\/v2\/product"}],"about":[{"href":"https:\/\/www.multifrigo.pl\/sklep\/wp-json\/wp\/v2\/types\/product"}],"wp:featuredmedia":[{"embeddable":true,"href":"https:\/\/www.multifrigo.pl\/sklep\/wp-json\/wp\/v2\/media\/13020"}],"wp:attachment":[{"href":"https:\/\/www.multifrigo.pl\/sklep\/wp-json\/wp\/v2\/media?parent=8090"}],"wp:term":[{"taxonomy":"pwb-brand","embeddable":true,"href":"https:\/\/www.multifrigo.pl\/sklep\/wp-json\/wp\/v2\/pwb-brand?post=8090"},{"taxonomy":"product_brand","embeddable":true,"href":"https:\/\/www.multifrigo.pl\/sklep\/wp-json\/wp\/v2\/product_brand?post=8090"},{"taxonomy":"product_cat","embeddable":true,"href":"https:\/\/www.multifrigo.pl\/sklep\/wp-json\/wp\/v2\/product_cat?post=8090"},{"taxonomy":"product_tag","embeddable":true,"href":"https:\/\/www.multifrigo.pl\/sklep\/wp-json\/wp\/v2\/product_tag?post=8090"}],"curies":[{"name":"wp","href":"https:\/\/api.w.org\/{rel}","templated":true}]}}