{"id":8091,"date":"2024-07-03T12:52:19","date_gmt":"2024-07-03T12:52:19","guid":{"rendered":"https:\/\/multifrigo.pl\/sklep\/produkt\/tluczek-zmiekczajacy-do-miesa-56-ostrzy-victor-247519\/"},"modified":"2025-05-19T11:14:01","modified_gmt":"2025-05-19T11:14:01","slug":"tluczek-zmiekczajacy-do-miesa-56-ostrzy-victor-247519","status":"publish","type":"product","link":"https:\/\/www.multifrigo.pl\/sklep\/produkt\/tluczek-zmiekczajacy-do-miesa-56-ostrzy-victor-247519\/","title":{"rendered":"T\u0142uczek zmi\u0119kczaj\u0105cy do mi\u0119sa, 56 ostrzy | Victor 247519"},"content":{"rendered":"<p><LI>po\u0142\u0105czenie cech tradycyjnego t\u0142uczka z profesjonalnym, opatentowanym siekaczem do mi\u0119sa  <LI>uk\u0142ad spr\u0119\u017cynowy po\u0142\u0105czony jest z 56 no\u017cami nacinaj\u0105cymi w\u0142\u00f3kna mi\u0119sa  <LI>czas obr\u00f3bki mi\u0119sa jak i jego sma\u017cenia, pieczenia lub grillowania ulega znacznemu skr\u00f3ceniu  <LI>d\u0142ugo\u015b\u0107 r\u0105czki 185 mm  <LI>uwaga! Nale\u017cy zachowa\u0107 ostro\u017cno\u015b\u0107 przy myciu &#8211; bardzo ostre no\u017ce  <\/p>\n","protected":false},"excerpt":{"rendered":"<p>po\u0142\u0105czenie cech tradycyjnego t\u0142uczka z profesjonalnym, opatentowanym siekaczem do mi\u0119sa uk\u0142ad spr\u0119\u017cynowy po\u0142\u0105czony jest z 56 no\u017cami nacinaj\u0105cymi w\u0142\u00f3kna mi\u0119sa czas obr\u00f3bki mi\u0119sa jak i jego sma\u017cenia, pieczenia lub grillowania ulega znacznemu skr\u00f3ceniu d\u0142ugo\u015b\u0107 r\u0105czki 185 mm uwaga! Nale\u017cy zachowa\u0107 ostro\u017cno\u015b\u0107 przy myciu &#8211; bardzo ostre no\u017ce<\/p>\n","protected":false},"featured_media":13021,"template":"","meta":{"_et_pb_use_builder":"","_et_pb_old_content":"","_et_gb_content_width":""},"pwb-brand":[177],"product_brand":[],"product_cat":[169],"product_tag":[],"class_list":{"0":"post-8091","1":"product","2":"type-product","3":"status-publish","4":"has-post-thumbnail","6":"pwb-brand-victor","7":"product_cat-tluczki-do-miesa","9":"first","10":"instock","11":"taxable","12":"shipping-taxable","13":"purchasable","14":"product-type-simple"},"brands":[{"id":177,"name":"Victor","slug":"victor"}],"_links":{"self":[{"href":"https:\/\/www.multifrigo.pl\/sklep\/wp-json\/wp\/v2\/product\/8091","targetHints":{"allow":["GET"]}}],"collection":[{"href":"https:\/\/www.multifrigo.pl\/sklep\/wp-json\/wp\/v2\/product"}],"about":[{"href":"https:\/\/www.multifrigo.pl\/sklep\/wp-json\/wp\/v2\/types\/product"}],"wp:featuredmedia":[{"embeddable":true,"href":"https:\/\/www.multifrigo.pl\/sklep\/wp-json\/wp\/v2\/media\/13021"}],"wp:attachment":[{"href":"https:\/\/www.multifrigo.pl\/sklep\/wp-json\/wp\/v2\/media?parent=8091"}],"wp:term":[{"taxonomy":"pwb-brand","embeddable":true,"href":"https:\/\/www.multifrigo.pl\/sklep\/wp-json\/wp\/v2\/pwb-brand?post=8091"},{"taxonomy":"product_brand","embeddable":true,"href":"https:\/\/www.multifrigo.pl\/sklep\/wp-json\/wp\/v2\/product_brand?post=8091"},{"taxonomy":"product_cat","embeddable":true,"href":"https:\/\/www.multifrigo.pl\/sklep\/wp-json\/wp\/v2\/product_cat?post=8091"},{"taxonomy":"product_tag","embeddable":true,"href":"https:\/\/www.multifrigo.pl\/sklep\/wp-json\/wp\/v2\/product_tag?post=8091"}],"curies":[{"name":"wp","href":"https:\/\/api.w.org\/{rel}","templated":true}]}}