{"id":8103,"date":"2024-07-03T12:52:21","date_gmt":"2024-07-03T12:52:21","guid":{"rendered":"https:\/\/multifrigo.pl\/sklep\/produkt\/noz-szpatula-cukiernicza-l-300-mm-stalgast-261301\/"},"modified":"2025-05-19T11:14:20","modified_gmt":"2025-05-19T11:14:20","slug":"noz-szpatula-cukiernicza-l-300-mm-stalgast-261301","status":"publish","type":"product","link":"https:\/\/www.multifrigo.pl\/sklep\/produkt\/noz-szpatula-cukiernicza-l-300-mm-stalgast-261301\/","title":{"rendered":"N\u00f3\u017c, szpatu\u0142a cukiernicza, L 300 mm | Stalgast 261301"},"content":{"rendered":"<p><LI>ostrze g\u0142adkie, wykonane ze stali nierdzewnej  <LI>wygodne r\u0119koje\u015bci z tworzywa  <LI>do ciast i krem\u00f3w  <\/p>\n","protected":false},"excerpt":{"rendered":"<p>ostrze g\u0142adkie, wykonane ze stali nierdzewnej wygodne r\u0119koje\u015bci z tworzywa do ciast i krem\u00f3w<\/p>\n","protected":false},"featured_media":13039,"template":"","meta":{"_et_pb_use_builder":"","_et_pb_old_content":"","_et_gb_content_width":""},"pwb-brand":[62],"product_brand":[],"product_cat":[173],"product_tag":[],"class_list":{"0":"post-8103","1":"product","2":"type-product","3":"status-publish","4":"has-post-thumbnail","6":"pwb-brand-stalgast","7":"product_cat-szpatuly-cukiernicze","9":"first","10":"instock","11":"taxable","12":"shipping-taxable","13":"purchasable","14":"product-type-simple"},"brands":[{"id":62,"name":"Stalgast","slug":"stalgast"}],"_links":{"self":[{"href":"https:\/\/www.multifrigo.pl\/sklep\/wp-json\/wp\/v2\/product\/8103","targetHints":{"allow":["GET"]}}],"collection":[{"href":"https:\/\/www.multifrigo.pl\/sklep\/wp-json\/wp\/v2\/product"}],"about":[{"href":"https:\/\/www.multifrigo.pl\/sklep\/wp-json\/wp\/v2\/types\/product"}],"wp:featuredmedia":[{"embeddable":true,"href":"https:\/\/www.multifrigo.pl\/sklep\/wp-json\/wp\/v2\/media\/13039"}],"wp:attachment":[{"href":"https:\/\/www.multifrigo.pl\/sklep\/wp-json\/wp\/v2\/media?parent=8103"}],"wp:term":[{"taxonomy":"pwb-brand","embeddable":true,"href":"https:\/\/www.multifrigo.pl\/sklep\/wp-json\/wp\/v2\/pwb-brand?post=8103"},{"taxonomy":"product_brand","embeddable":true,"href":"https:\/\/www.multifrigo.pl\/sklep\/wp-json\/wp\/v2\/product_brand?post=8103"},{"taxonomy":"product_cat","embeddable":true,"href":"https:\/\/www.multifrigo.pl\/sklep\/wp-json\/wp\/v2\/product_cat?post=8103"},{"taxonomy":"product_tag","embeddable":true,"href":"https:\/\/www.multifrigo.pl\/sklep\/wp-json\/wp\/v2\/product_tag?post=8103"}],"curies":[{"name":"wp","href":"https:\/\/api.w.org\/{rel}","templated":true}]}}