{"id":8146,"date":"2024-07-03T12:52:30","date_gmt":"2024-07-03T12:52:30","guid":{"rendered":"https:\/\/multifrigo.pl\/sklep\/produkt\/noz-do-filetowania-haccp-niebieski-l-250-mm-stalgast-284259\/"},"modified":"2025-05-19T11:14:59","modified_gmt":"2025-05-19T11:14:59","slug":"noz-do-filetowania-haccp-niebieski-l-250-mm-stalgast-284259","status":"publish","type":"product","link":"https:\/\/www.multifrigo.pl\/sklep\/produkt\/noz-do-filetowania-haccp-niebieski-l-250-mm-stalgast-284259\/","title":{"rendered":"N\u00f3\u017c do filetowania, HACCP, niebieski, L 250 mm | Stalgast 284259"},"content":{"rendered":"<p><LI>g\u0142adkie, elastyczne ostrze wykonane ze stali chromowo-molibdenowo-wanadowej X50CrMoV15  <LI>wygodny, lekki uchwyt wykonany z tworzywa (PP)  <LI>idealny do filetowania  <\/p>\n","protected":false},"excerpt":{"rendered":"<p>g\u0142adkie, elastyczne ostrze wykonane ze stali chromowo-molibdenowo-wanadowej X50CrMoV15 wygodny, lekki uchwyt wykonany z tworzywa (PP) idealny do filetowania<\/p>\n","protected":false},"featured_media":13099,"template":"","meta":{"_et_pb_use_builder":"","_et_pb_old_content":"","_et_gb_content_width":""},"pwb-brand":[62],"product_brand":[],"product_cat":[156],"product_tag":[],"class_list":{"0":"post-8146","1":"product","2":"type-product","3":"status-publish","4":"has-post-thumbnail","6":"pwb-brand-stalgast","7":"product_cat-noze-do-ryb","9":"first","10":"instock","11":"taxable","12":"shipping-taxable","13":"purchasable","14":"product-type-simple"},"brands":[{"id":62,"name":"Stalgast","slug":"stalgast"}],"_links":{"self":[{"href":"https:\/\/www.multifrigo.pl\/sklep\/wp-json\/wp\/v2\/product\/8146","targetHints":{"allow":["GET"]}}],"collection":[{"href":"https:\/\/www.multifrigo.pl\/sklep\/wp-json\/wp\/v2\/product"}],"about":[{"href":"https:\/\/www.multifrigo.pl\/sklep\/wp-json\/wp\/v2\/types\/product"}],"wp:featuredmedia":[{"embeddable":true,"href":"https:\/\/www.multifrigo.pl\/sklep\/wp-json\/wp\/v2\/media\/13099"}],"wp:attachment":[{"href":"https:\/\/www.multifrigo.pl\/sklep\/wp-json\/wp\/v2\/media?parent=8146"}],"wp:term":[{"taxonomy":"pwb-brand","embeddable":true,"href":"https:\/\/www.multifrigo.pl\/sklep\/wp-json\/wp\/v2\/pwb-brand?post=8146"},{"taxonomy":"product_brand","embeddable":true,"href":"https:\/\/www.multifrigo.pl\/sklep\/wp-json\/wp\/v2\/product_brand?post=8146"},{"taxonomy":"product_cat","embeddable":true,"href":"https:\/\/www.multifrigo.pl\/sklep\/wp-json\/wp\/v2\/product_cat?post=8146"},{"taxonomy":"product_tag","embeddable":true,"href":"https:\/\/www.multifrigo.pl\/sklep\/wp-json\/wp\/v2\/product_tag?post=8146"}],"curies":[{"name":"wp","href":"https:\/\/api.w.org\/{rel}","templated":true}]}}