{"id":8159,"date":"2024-07-03T12:52:32","date_gmt":"2024-07-03T12:52:32","guid":{"rendered":"https:\/\/multifrigo.pl\/sklep\/produkt\/noz-kuchenny-sanelli-skin-l-255-mm-sanelli-286252\/"},"modified":"2025-05-19T11:15:21","modified_gmt":"2025-05-19T11:15:21","slug":"noz-kuchenny-sanelli-skin-l-255-mm-sanelli-286252","status":"publish","type":"product","link":"https:\/\/www.multifrigo.pl\/sklep\/produkt\/noz-kuchenny-sanelli-skin-l-255-mm-sanelli-286252\/","title":{"rendered":"N\u00f3\u017c kuchenny,  Sanelli, Skin, L 255 mm | Sanelli 286252"},"content":{"rendered":"<p><LI>linia no\u017cy zosta\u0142a zaprojektowana tak, aby po\u0142\u0105czy\u0107 produkt wysokiej jako\u015bci przy zachowaniu ergonomii u\u017cytkowania  <LI>ostrze ze stali chromowo-molibdenowej, o twardo\u015bci 54-56 HRC  <LI>ergonomiczna r\u0119koje\u015b\u0107 wykonana z polipropylenu z dodatkow\u0105 warstw\u0105 antypo\u015blizgow\u0105  <LI>mo\u017cna my\u0107 i wyparza\u0107 w zmywarce  <LI>d\u0142ugo\u015b\u0107 ca\u0142kowita 380 mm  <LI>wymiar L d\u0142ugo\u015b\u0107 ostrza  <\/p>\n","protected":false},"excerpt":{"rendered":"<p>linia no\u017cy zosta\u0142a zaprojektowana tak, aby po\u0142\u0105czy\u0107 produkt wysokiej jako\u015bci przy zachowaniu ergonomii u\u017cytkowania ostrze ze stali chromowo-molibdenowej, o twardo\u015bci 54-56 HRC ergonomiczna r\u0119koje\u015b\u0107 wykonana z polipropylenu z dodatkow\u0105 warstw\u0105 antypo\u015blizgow\u0105 mo\u017cna my\u0107 i wyparza\u0107 w zmywarce d\u0142ugo\u015b\u0107 ca\u0142kowita 380 mm wymiar L d\u0142ugo\u015b\u0107 ostrza<\/p>\n","protected":false},"featured_media":13117,"template":"","meta":{"_et_pb_use_builder":"","_et_pb_old_content":"","_et_gb_content_width":""},"pwb-brand":[163],"product_brand":[],"product_cat":[164],"product_tag":[],"class_list":{"0":"post-8159","1":"product","2":"type-product","3":"status-publish","4":"has-post-thumbnail","6":"pwb-brand-sanelli","7":"product_cat-noze-kuchenne","9":"first","10":"instock","11":"taxable","12":"shipping-taxable","13":"purchasable","14":"product-type-simple"},"brands":[{"id":163,"name":"Sanelli","slug":"sanelli"}],"_links":{"self":[{"href":"https:\/\/www.multifrigo.pl\/sklep\/wp-json\/wp\/v2\/product\/8159","targetHints":{"allow":["GET"]}}],"collection":[{"href":"https:\/\/www.multifrigo.pl\/sklep\/wp-json\/wp\/v2\/product"}],"about":[{"href":"https:\/\/www.multifrigo.pl\/sklep\/wp-json\/wp\/v2\/types\/product"}],"wp:featuredmedia":[{"embeddable":true,"href":"https:\/\/www.multifrigo.pl\/sklep\/wp-json\/wp\/v2\/media\/13117"}],"wp:attachment":[{"href":"https:\/\/www.multifrigo.pl\/sklep\/wp-json\/wp\/v2\/media?parent=8159"}],"wp:term":[{"taxonomy":"pwb-brand","embeddable":true,"href":"https:\/\/www.multifrigo.pl\/sklep\/wp-json\/wp\/v2\/pwb-brand?post=8159"},{"taxonomy":"product_brand","embeddable":true,"href":"https:\/\/www.multifrigo.pl\/sklep\/wp-json\/wp\/v2\/product_brand?post=8159"},{"taxonomy":"product_cat","embeddable":true,"href":"https:\/\/www.multifrigo.pl\/sklep\/wp-json\/wp\/v2\/product_cat?post=8159"},{"taxonomy":"product_tag","embeddable":true,"href":"https:\/\/www.multifrigo.pl\/sklep\/wp-json\/wp\/v2\/product_tag?post=8159"}],"curies":[{"name":"wp","href":"https:\/\/api.w.org\/{rel}","templated":true}]}}