{"id":8195,"date":"2024-07-03T12:52:39","date_gmt":"2024-07-03T12:52:39","guid":{"rendered":"https:\/\/multifrigo.pl\/sklep\/produkt\/widelec-do-przewracania-l-500-mm-paderno-311500\/"},"modified":"2025-05-19T11:19:48","modified_gmt":"2025-05-19T11:19:48","slug":"widelec-do-przewracania-l-500-mm-paderno-311500","status":"publish","type":"product","link":"https:\/\/www.multifrigo.pl\/sklep\/produkt\/widelec-do-przewracania-l-500-mm-paderno-311500\/","title":{"rendered":"Widelec do przewracania, L 500 mm | Paderno 311500"},"content":{"rendered":"<p><LI>widelec tr\u00f3jz\u0119bny wykonany z jednego kawa\u0142ka stali  <\/p>\n","protected":false},"excerpt":{"rendered":"<p>widelec tr\u00f3jz\u0119bny wykonany z jednego kawa\u0142ka stali<\/p>\n","protected":false},"featured_media":13175,"template":"","meta":{"_et_pb_use_builder":"","_et_pb_old_content":"","_et_gb_content_width":""},"pwb-brand":[118],"product_brand":[],"product_cat":[158],"product_tag":[],"class_list":{"0":"post-8195","1":"product","2":"type-product","3":"status-publish","4":"has-post-thumbnail","6":"pwb-brand-paderno","7":"product_cat-widelce-do-mies","9":"first","10":"instock","11":"taxable","12":"shipping-taxable","13":"purchasable","14":"product-type-simple"},"brands":[{"id":118,"name":"Paderno","slug":"paderno"}],"_links":{"self":[{"href":"https:\/\/www.multifrigo.pl\/sklep\/wp-json\/wp\/v2\/product\/8195","targetHints":{"allow":["GET"]}}],"collection":[{"href":"https:\/\/www.multifrigo.pl\/sklep\/wp-json\/wp\/v2\/product"}],"about":[{"href":"https:\/\/www.multifrigo.pl\/sklep\/wp-json\/wp\/v2\/types\/product"}],"wp:featuredmedia":[{"embeddable":true,"href":"https:\/\/www.multifrigo.pl\/sklep\/wp-json\/wp\/v2\/media\/13175"}],"wp:attachment":[{"href":"https:\/\/www.multifrigo.pl\/sklep\/wp-json\/wp\/v2\/media?parent=8195"}],"wp:term":[{"taxonomy":"pwb-brand","embeddable":true,"href":"https:\/\/www.multifrigo.pl\/sklep\/wp-json\/wp\/v2\/pwb-brand?post=8195"},{"taxonomy":"product_brand","embeddable":true,"href":"https:\/\/www.multifrigo.pl\/sklep\/wp-json\/wp\/v2\/product_brand?post=8195"},{"taxonomy":"product_cat","embeddable":true,"href":"https:\/\/www.multifrigo.pl\/sklep\/wp-json\/wp\/v2\/product_cat?post=8195"},{"taxonomy":"product_tag","embeddable":true,"href":"https:\/\/www.multifrigo.pl\/sklep\/wp-json\/wp\/v2\/product_tag?post=8195"}],"curies":[{"name":"wp","href":"https:\/\/api.w.org\/{rel}","templated":true}]}}