{"id":8209,"date":"2024-07-03T12:52:43","date_gmt":"2024-07-03T12:52:43","guid":{"rendered":"https:\/\/multifrigo.pl\/sklep\/produkt\/mieszadlo-drewniane-l-1000-mm-stalgast-314100\/"},"modified":"2025-05-19T11:19:52","modified_gmt":"2025-05-19T11:19:52","slug":"mieszadlo-drewniane-l-1000-mm-stalgast-314100","status":"publish","type":"product","link":"https:\/\/www.multifrigo.pl\/sklep\/produkt\/mieszadlo-drewniane-l-1000-mm-stalgast-314100\/","title":{"rendered":"Mieszad\u0142o drewniane, L 1000 mm | Stalgast 314100"},"content":{"rendered":"<p><LI>mieszad\u0142o wykonane z drewna bukowego  <LI>grubo\u015b\u0107 20 mm  <LI>mieszad\u0142a nie nale\u017cy nara\u017ca\u0107 na nadmierny kontakt z wilgoci\u0105  <\/p>\n","protected":false},"excerpt":{"rendered":"<p>mieszad\u0142o wykonane z drewna bukowego grubo\u015b\u0107 20 mm mieszad\u0142a nie nale\u017cy nara\u017ca\u0107 na nadmierny kontakt z wilgoci\u0105<\/p>\n","protected":false},"featured_media":13206,"template":"","meta":{"_et_pb_use_builder":"","_et_pb_old_content":"","_et_gb_content_width":""},"pwb-brand":[62],"product_brand":[],"product_cat":[187],"product_tag":[],"class_list":{"0":"post-8209","1":"product","2":"type-product","3":"status-publish","4":"has-post-thumbnail","6":"pwb-brand-stalgast","7":"product_cat-mieszadla-do-kotlow","9":"first","10":"instock","11":"taxable","12":"shipping-taxable","13":"purchasable","14":"product-type-simple"},"brands":[{"id":62,"name":"Stalgast","slug":"stalgast"}],"_links":{"self":[{"href":"https:\/\/www.multifrigo.pl\/sklep\/wp-json\/wp\/v2\/product\/8209","targetHints":{"allow":["GET"]}}],"collection":[{"href":"https:\/\/www.multifrigo.pl\/sklep\/wp-json\/wp\/v2\/product"}],"about":[{"href":"https:\/\/www.multifrigo.pl\/sklep\/wp-json\/wp\/v2\/types\/product"}],"wp:featuredmedia":[{"embeddable":true,"href":"https:\/\/www.multifrigo.pl\/sklep\/wp-json\/wp\/v2\/media\/13206"}],"wp:attachment":[{"href":"https:\/\/www.multifrigo.pl\/sklep\/wp-json\/wp\/v2\/media?parent=8209"}],"wp:term":[{"taxonomy":"pwb-brand","embeddable":true,"href":"https:\/\/www.multifrigo.pl\/sklep\/wp-json\/wp\/v2\/pwb-brand?post=8209"},{"taxonomy":"product_brand","embeddable":true,"href":"https:\/\/www.multifrigo.pl\/sklep\/wp-json\/wp\/v2\/product_brand?post=8209"},{"taxonomy":"product_cat","embeddable":true,"href":"https:\/\/www.multifrigo.pl\/sklep\/wp-json\/wp\/v2\/product_cat?post=8209"},{"taxonomy":"product_tag","embeddable":true,"href":"https:\/\/www.multifrigo.pl\/sklep\/wp-json\/wp\/v2\/product_tag?post=8209"}],"curies":[{"name":"wp","href":"https:\/\/api.w.org\/{rel}","templated":true}]}}