{"id":8469,"date":"2024-07-03T12:53:34","date_gmt":"2024-07-03T12:53:34","guid":{"rendered":"https:\/\/multifrigo.pl\/sklep\/produkt\/waza-do-zupy-v-3-l-stalgast-365301\/"},"modified":"2025-05-19T11:22:14","modified_gmt":"2025-05-19T11:22:14","slug":"waza-do-zupy-v-3-l-stalgast-365301","status":"publish","type":"product","link":"https:\/\/www.multifrigo.pl\/sklep\/produkt\/waza-do-zupy-v-3-l-stalgast-365301\/","title":{"rendered":"Waza do zupy, V 3 l | Stalgast 365301"},"content":{"rendered":"<p><LI>waza z dwoma uchwytami u\u0142atwiaj\u0105cymi przenoszenie  <LI>podana pojemno\u015b\u0107 jest pojemno\u015bci\u0105 ca\u0142kowit\u0105  <LI>pokrywa do wazy z wyci\u0119ciem na chochl\u0119  <LI>waza sprzedawana bez pokrywy  <\/p>\n","protected":false},"excerpt":{"rendered":"<p>waza z dwoma uchwytami u\u0142atwiaj\u0105cymi przenoszenie podana pojemno\u015b\u0107 jest pojemno\u015bci\u0105 ca\u0142kowit\u0105 pokrywa do wazy z wyci\u0119ciem na chochl\u0119 waza sprzedawana bez pokrywy<\/p>\n","protected":false},"featured_media":13718,"template":"","meta":{"_et_pb_use_builder":"","_et_pb_old_content":"","_et_gb_content_width":""},"pwb-brand":[62],"product_brand":[],"product_cat":[225],"product_tag":[],"class_list":{"0":"post-8469","1":"product","2":"type-product","3":"status-publish","4":"has-post-thumbnail","6":"pwb-brand-stalgast","7":"product_cat-wazy","9":"first","10":"instock","11":"taxable","12":"shipping-taxable","13":"purchasable","14":"product-type-simple"},"brands":[{"id":62,"name":"Stalgast","slug":"stalgast"}],"_links":{"self":[{"href":"https:\/\/www.multifrigo.pl\/sklep\/wp-json\/wp\/v2\/product\/8469","targetHints":{"allow":["GET"]}}],"collection":[{"href":"https:\/\/www.multifrigo.pl\/sklep\/wp-json\/wp\/v2\/product"}],"about":[{"href":"https:\/\/www.multifrigo.pl\/sklep\/wp-json\/wp\/v2\/types\/product"}],"wp:featuredmedia":[{"embeddable":true,"href":"https:\/\/www.multifrigo.pl\/sklep\/wp-json\/wp\/v2\/media\/13718"}],"wp:attachment":[{"href":"https:\/\/www.multifrigo.pl\/sklep\/wp-json\/wp\/v2\/media?parent=8469"}],"wp:term":[{"taxonomy":"pwb-brand","embeddable":true,"href":"https:\/\/www.multifrigo.pl\/sklep\/wp-json\/wp\/v2\/pwb-brand?post=8469"},{"taxonomy":"product_brand","embeddable":true,"href":"https:\/\/www.multifrigo.pl\/sklep\/wp-json\/wp\/v2\/product_brand?post=8469"},{"taxonomy":"product_cat","embeddable":true,"href":"https:\/\/www.multifrigo.pl\/sklep\/wp-json\/wp\/v2\/product_cat?post=8469"},{"taxonomy":"product_tag","embeddable":true,"href":"https:\/\/www.multifrigo.pl\/sklep\/wp-json\/wp\/v2\/product_tag?post=8469"}],"curies":[{"name":"wp","href":"https:\/\/api.w.org\/{rel}","templated":true}]}}