{"id":8562,"date":"2024-07-03T12:53:52","date_gmt":"2024-07-03T12:53:52","guid":{"rendered":"https:\/\/multifrigo.pl\/sklep\/produkt\/talerz-do-risotto-grangusto-o-270-mm-stalgast-388617\/"},"modified":"2025-05-19T11:23:37","modified_gmt":"2025-05-19T11:23:37","slug":"talerz-do-risotto-grangusto-o-270-mm-stalgast-388617","status":"publish","type":"product","link":"https:\/\/www.multifrigo.pl\/sklep\/produkt\/talerz-do-risotto-grangusto-o-270-mm-stalgast-388617\/","title":{"rendered":"Talerz do risotto, Grangusto, \u00f8 270 mm | Stalgast 388617"},"content":{"rendered":"<p><LI>zastawa sto\u0142owa do zastosowania w profesjonalnej gastronomii  <LI>nowoczesne, proste i eleganckie wzornictwo w kolorze bieli  <LI>wykonana z hartowanego szk\u0142a  <LI>idealnie g\u0142adka powierzchnia zapobiega wch\u0142anianiu sie substancji obcych &#8211; maksymalne bezpiecze\u0144stwo i higiena  <LI>podwy\u017cszona odporno\u015b\u0107 na uszkodzenia mechaniczne oraz zarysowania  <LI>odporna na szok termiczny  <\/p>\n","protected":false},"excerpt":{"rendered":"<p>zastawa sto\u0142owa do zastosowania w profesjonalnej gastronomii nowoczesne, proste i eleganckie wzornictwo w kolorze bieli wykonana z hartowanego szk\u0142a idealnie g\u0142adka powierzchnia zapobiega wch\u0142anianiu sie substancji obcych &#8211; maksymalne bezpiecze\u0144stwo i higiena podwy\u017cszona odporno\u015b\u0107 na uszkodzenia mechaniczne oraz zarysowania odporna na szok termiczny<\/p>\n","protected":false},"featured_media":13888,"template":"","meta":{"_et_pb_use_builder":"","_et_pb_old_content":"","_et_gb_content_width":""},"pwb-brand":[62],"product_brand":[],"product_cat":[238],"product_tag":[],"class_list":{"0":"post-8562","1":"product","2":"type-product","3":"status-publish","4":"has-post-thumbnail","6":"pwb-brand-stalgast","7":"product_cat-specjalistyczne","9":"first","10":"instock","11":"taxable","12":"shipping-taxable","13":"purchasable","14":"product-type-simple"},"brands":[{"id":62,"name":"Stalgast","slug":"stalgast"}],"_links":{"self":[{"href":"https:\/\/www.multifrigo.pl\/sklep\/wp-json\/wp\/v2\/product\/8562","targetHints":{"allow":["GET"]}}],"collection":[{"href":"https:\/\/www.multifrigo.pl\/sklep\/wp-json\/wp\/v2\/product"}],"about":[{"href":"https:\/\/www.multifrigo.pl\/sklep\/wp-json\/wp\/v2\/types\/product"}],"wp:featuredmedia":[{"embeddable":true,"href":"https:\/\/www.multifrigo.pl\/sklep\/wp-json\/wp\/v2\/media\/13888"}],"wp:attachment":[{"href":"https:\/\/www.multifrigo.pl\/sklep\/wp-json\/wp\/v2\/media?parent=8562"}],"wp:term":[{"taxonomy":"pwb-brand","embeddable":true,"href":"https:\/\/www.multifrigo.pl\/sklep\/wp-json\/wp\/v2\/pwb-brand?post=8562"},{"taxonomy":"product_brand","embeddable":true,"href":"https:\/\/www.multifrigo.pl\/sklep\/wp-json\/wp\/v2\/product_brand?post=8562"},{"taxonomy":"product_cat","embeddable":true,"href":"https:\/\/www.multifrigo.pl\/sklep\/wp-json\/wp\/v2\/product_cat?post=8562"},{"taxonomy":"product_tag","embeddable":true,"href":"https:\/\/www.multifrigo.pl\/sklep\/wp-json\/wp\/v2\/product_tag?post=8562"}],"curies":[{"name":"wp","href":"https:\/\/api.w.org\/{rel}","templated":true}]}}