{"id":8995,"date":"2024-07-03T12:55:20","date_gmt":"2024-07-03T12:55:20","guid":{"rendered":"https:\/\/multifrigo.pl\/sklep\/produkt\/szklanka-do-wody-light-onyx-wind-v-300-ml-bormioli-rocco-400415\/"},"modified":"2025-05-19T11:27:22","modified_gmt":"2025-05-19T11:27:22","slug":"szklanka-do-wody-light-onyx-wind-v-300-ml-bormioli-rocco-400415","status":"publish","type":"product","link":"https:\/\/www.multifrigo.pl\/sklep\/produkt\/szklanka-do-wody-light-onyx-wind-v-300-ml-bormioli-rocco-400415\/","title":{"rendered":"Szklanka do wody, light onyx, Wind, V 300 ml | Bormioli Rocco 400415"},"content":{"rendered":"<p><LI>sprzedawane w ilo\u015bciach kartonowych  <LI>szklanka z barwionego prze\u017aroczystego szk\u0142a  <LI>cena za sztuk\u0119  <LI>szk\u0142o barwione w fazie produkcji co zapewnia gwarancj\u0119 trwa\u0142o\u015bci koloru  <\/p>\n","protected":false},"excerpt":{"rendered":"<p>sprzedawane w ilo\u015bciach kartonowych szklanka z barwionego prze\u017aroczystego szk\u0142a cena za sztuk\u0119 szk\u0142o barwione w fazie produkcji co zapewnia gwarancj\u0119 trwa\u0142o\u015bci koloru<\/p>\n","protected":false},"featured_media":14462,"template":"","meta":{"_et_pb_use_builder":"","_et_pb_old_content":"","_et_gb_content_width":""},"pwb-brand":[251],"product_brand":[],"product_cat":[277],"product_tag":[],"class_list":{"0":"post-8995","1":"product","2":"type-product","3":"status-publish","4":"has-post-thumbnail","6":"pwb-brand-bormioli-rocco","7":"product_cat-szklanki-do-wody","9":"first","10":"instock","11":"taxable","12":"shipping-taxable","13":"purchasable","14":"product-type-simple"},"brands":[{"id":251,"name":"Bormioli Rocco","slug":"bormioli-rocco"}],"_links":{"self":[{"href":"https:\/\/www.multifrigo.pl\/sklep\/wp-json\/wp\/v2\/product\/8995","targetHints":{"allow":["GET"]}}],"collection":[{"href":"https:\/\/www.multifrigo.pl\/sklep\/wp-json\/wp\/v2\/product"}],"about":[{"href":"https:\/\/www.multifrigo.pl\/sklep\/wp-json\/wp\/v2\/types\/product"}],"wp:featuredmedia":[{"embeddable":true,"href":"https:\/\/www.multifrigo.pl\/sklep\/wp-json\/wp\/v2\/media\/14462"}],"wp:attachment":[{"href":"https:\/\/www.multifrigo.pl\/sklep\/wp-json\/wp\/v2\/media?parent=8995"}],"wp:term":[{"taxonomy":"pwb-brand","embeddable":true,"href":"https:\/\/www.multifrigo.pl\/sklep\/wp-json\/wp\/v2\/pwb-brand?post=8995"},{"taxonomy":"product_brand","embeddable":true,"href":"https:\/\/www.multifrigo.pl\/sklep\/wp-json\/wp\/v2\/product_brand?post=8995"},{"taxonomy":"product_cat","embeddable":true,"href":"https:\/\/www.multifrigo.pl\/sklep\/wp-json\/wp\/v2\/product_cat?post=8995"},{"taxonomy":"product_tag","embeddable":true,"href":"https:\/\/www.multifrigo.pl\/sklep\/wp-json\/wp\/v2\/product_tag?post=8995"}],"curies":[{"name":"wp","href":"https:\/\/api.w.org\/{rel}","templated":true}]}}