{"id":9004,"date":"2024-07-03T12:55:21","date_gmt":"2024-07-03T12:55:21","guid":{"rendered":"https:\/\/multifrigo.pl\/sklep\/produkt\/szklanka-wysoka-peach-rock-bar-v-370-ml-bormioli-rocco-400431\/"},"modified":"2025-05-19T11:27:24","modified_gmt":"2025-05-19T11:27:24","slug":"szklanka-wysoka-peach-rock-bar-v-370-ml-bormioli-rocco-400431","status":"publish","type":"product","link":"https:\/\/www.multifrigo.pl\/sklep\/produkt\/szklanka-wysoka-peach-rock-bar-v-370-ml-bormioli-rocco-400431\/","title":{"rendered":"Szklanka wysoka, peach, Rock Bar, V 370 ml | Bormioli Rocco 400431"},"content":{"rendered":"<p><LI>profesjonalne szk\u0142o dla gastronomii  <LI>podana pojemno\u015b\u0107 jest pojemno\u015bci\u0105 ca\u0142kowit\u0105  <LI>mo\u017cliwo\u015b\u0107 sztaplowania  <LI>sprzedawane w ilo\u015bciach kartonowych  <LI>cena za sztuk\u0119  <LI>szk\u0142o barwione w fazie produkcji co zapewnia gwarancj\u0119 trwa\u0142o\u015bci koloru  <LI>szklanka z barwionego prze\u017aroczystego szk\u0142a  <\/p>\n","protected":false},"excerpt":{"rendered":"<p>profesjonalne szk\u0142o dla gastronomii podana pojemno\u015b\u0107 jest pojemno\u015bci\u0105 ca\u0142kowit\u0105 mo\u017cliwo\u015b\u0107 sztaplowania sprzedawane w ilo\u015bciach kartonowych cena za sztuk\u0119 szk\u0142o barwione w fazie produkcji co zapewnia gwarancj\u0119 trwa\u0142o\u015bci koloru szklanka z barwionego prze\u017aroczystego szk\u0142a<\/p>\n","protected":false},"featured_media":14471,"template":"","meta":{"_et_pb_use_builder":"","_et_pb_old_content":"","_et_gb_content_width":""},"pwb-brand":[251],"product_brand":[],"product_cat":[263],"product_tag":[],"class_list":{"0":"post-9004","1":"product","2":"type-product","3":"status-publish","4":"has-post-thumbnail","6":"pwb-brand-bormioli-rocco","7":"product_cat-szklanki-wysokie","9":"first","10":"instock","11":"taxable","12":"shipping-taxable","13":"purchasable","14":"product-type-simple"},"brands":[{"id":251,"name":"Bormioli Rocco","slug":"bormioli-rocco"}],"_links":{"self":[{"href":"https:\/\/www.multifrigo.pl\/sklep\/wp-json\/wp\/v2\/product\/9004","targetHints":{"allow":["GET"]}}],"collection":[{"href":"https:\/\/www.multifrigo.pl\/sklep\/wp-json\/wp\/v2\/product"}],"about":[{"href":"https:\/\/www.multifrigo.pl\/sklep\/wp-json\/wp\/v2\/types\/product"}],"wp:featuredmedia":[{"embeddable":true,"href":"https:\/\/www.multifrigo.pl\/sklep\/wp-json\/wp\/v2\/media\/14471"}],"wp:attachment":[{"href":"https:\/\/www.multifrigo.pl\/sklep\/wp-json\/wp\/v2\/media?parent=9004"}],"wp:term":[{"taxonomy":"pwb-brand","embeddable":true,"href":"https:\/\/www.multifrigo.pl\/sklep\/wp-json\/wp\/v2\/pwb-brand?post=9004"},{"taxonomy":"product_brand","embeddable":true,"href":"https:\/\/www.multifrigo.pl\/sklep\/wp-json\/wp\/v2\/product_brand?post=9004"},{"taxonomy":"product_cat","embeddable":true,"href":"https:\/\/www.multifrigo.pl\/sklep\/wp-json\/wp\/v2\/product_cat?post=9004"},{"taxonomy":"product_tag","embeddable":true,"href":"https:\/\/www.multifrigo.pl\/sklep\/wp-json\/wp\/v2\/product_tag?post=9004"}],"curies":[{"name":"wp","href":"https:\/\/api.w.org\/{rel}","templated":true}]}}