{"id":9098,"date":"2024-07-03T12:55:39","date_gmt":"2024-07-03T12:55:39","guid":{"rendered":"https:\/\/multifrigo.pl\/sklep\/produkt\/taca-poliestrowa-granitowa-460x360-mm-stalgast-413460\/"},"modified":"2025-05-19T11:54:17","modified_gmt":"2025-05-19T11:54:17","slug":"taca-poliestrowa-granitowa-460x360-mm-stalgast-413460","status":"publish","type":"product","link":"https:\/\/www.multifrigo.pl\/sklep\/produkt\/taca-poliestrowa-granitowa-460x360-mm-stalgast-413460\/","title":{"rendered":"Taca poliestrowa, granitowa, 460&#215;360 mm | Stalgast 413460"},"content":{"rendered":"<p><LI>prostok\u0105tna  <LI>mo\u017cna my\u0107 w zmywarce  <LI>wysoko\u015b\u0107 rantu 20 mm  <\/p>\n","protected":false},"excerpt":{"rendered":"<p>prostok\u0105tna mo\u017cna my\u0107 w zmywarce wysoko\u015b\u0107 rantu 20 mm<\/p>\n","protected":false},"featured_media":14588,"template":"","meta":{"_et_pb_use_builder":"","_et_pb_old_content":"","_et_gb_content_width":""},"pwb-brand":[62],"product_brand":[],"product_cat":[285],"product_tag":[],"class_list":{"0":"post-9098","1":"product","2":"type-product","3":"status-publish","4":"has-post-thumbnail","6":"pwb-brand-stalgast","7":"product_cat-tace-kelnerskie","9":"first","10":"instock","11":"taxable","12":"shipping-taxable","13":"purchasable","14":"product-type-simple"},"brands":[{"id":62,"name":"Stalgast","slug":"stalgast"}],"_links":{"self":[{"href":"https:\/\/www.multifrigo.pl\/sklep\/wp-json\/wp\/v2\/product\/9098","targetHints":{"allow":["GET"]}}],"collection":[{"href":"https:\/\/www.multifrigo.pl\/sklep\/wp-json\/wp\/v2\/product"}],"about":[{"href":"https:\/\/www.multifrigo.pl\/sklep\/wp-json\/wp\/v2\/types\/product"}],"wp:featuredmedia":[{"embeddable":true,"href":"https:\/\/www.multifrigo.pl\/sklep\/wp-json\/wp\/v2\/media\/14588"}],"wp:attachment":[{"href":"https:\/\/www.multifrigo.pl\/sklep\/wp-json\/wp\/v2\/media?parent=9098"}],"wp:term":[{"taxonomy":"pwb-brand","embeddable":true,"href":"https:\/\/www.multifrigo.pl\/sklep\/wp-json\/wp\/v2\/pwb-brand?post=9098"},{"taxonomy":"product_brand","embeddable":true,"href":"https:\/\/www.multifrigo.pl\/sklep\/wp-json\/wp\/v2\/product_brand?post=9098"},{"taxonomy":"product_cat","embeddable":true,"href":"https:\/\/www.multifrigo.pl\/sklep\/wp-json\/wp\/v2\/product_cat?post=9098"},{"taxonomy":"product_tag","embeddable":true,"href":"https:\/\/www.multifrigo.pl\/sklep\/wp-json\/wp\/v2\/product_tag?post=9098"}],"curies":[{"name":"wp","href":"https:\/\/api.w.org\/{rel}","templated":true}]}}