{"id":9111,"date":"2024-07-03T12:55:42","date_gmt":"2024-07-03T12:55:42","guid":{"rendered":"https:\/\/multifrigo.pl\/sklep\/produkt\/wklad-chlodzacy-200x120x30-mm-sunnex-419112\/"},"modified":"2025-05-19T11:54:22","modified_gmt":"2025-05-19T11:54:22","slug":"wklad-chlodzacy-200x120x30-mm-sunnex-419112","status":"publish","type":"product","link":"https:\/\/www.multifrigo.pl\/sklep\/produkt\/wklad-chlodzacy-200x120x30-mm-sunnex-419112\/","title":{"rendered":"Wk\u0142ad ch\u0142odz\u0105cy, 200x120x30 mm | Sunnex 419112"},"content":{"rendered":"<p><LI>wk\u0142ad przeznaczony do witryny 419100  <LI>nie przeznaczony do bezpo\u015bredniego kontaktu z \u017cywno\u015bci\u0105  <\/p>\n","protected":false},"excerpt":{"rendered":"<p>wk\u0142ad przeznaczony do witryny 419100 nie przeznaczony do bezpo\u015bredniego kontaktu z \u017cywno\u015bci\u0105<\/p>\n","protected":false},"featured_media":14612,"template":"","meta":{"_et_pb_use_builder":"","_et_pb_old_content":"","_et_gb_content_width":""},"pwb-brand":[117],"product_brand":[],"product_cat":[288],"product_tag":[],"class_list":{"0":"post-9111","1":"product","2":"type-product","3":"status-publish","4":"has-post-thumbnail","6":"pwb-brand-sunnex","7":"product_cat-witrynki-bufetowe","9":"first","10":"instock","11":"taxable","12":"shipping-taxable","13":"purchasable","14":"product-type-simple"},"brands":[{"id":117,"name":"Sunnex","slug":"sunnex"}],"_links":{"self":[{"href":"https:\/\/www.multifrigo.pl\/sklep\/wp-json\/wp\/v2\/product\/9111","targetHints":{"allow":["GET"]}}],"collection":[{"href":"https:\/\/www.multifrigo.pl\/sklep\/wp-json\/wp\/v2\/product"}],"about":[{"href":"https:\/\/www.multifrigo.pl\/sklep\/wp-json\/wp\/v2\/types\/product"}],"wp:featuredmedia":[{"embeddable":true,"href":"https:\/\/www.multifrigo.pl\/sklep\/wp-json\/wp\/v2\/media\/14612"}],"wp:attachment":[{"href":"https:\/\/www.multifrigo.pl\/sklep\/wp-json\/wp\/v2\/media?parent=9111"}],"wp:term":[{"taxonomy":"pwb-brand","embeddable":true,"href":"https:\/\/www.multifrigo.pl\/sklep\/wp-json\/wp\/v2\/pwb-brand?post=9111"},{"taxonomy":"product_brand","embeddable":true,"href":"https:\/\/www.multifrigo.pl\/sklep\/wp-json\/wp\/v2\/product_brand?post=9111"},{"taxonomy":"product_cat","embeddable":true,"href":"https:\/\/www.multifrigo.pl\/sklep\/wp-json\/wp\/v2\/product_cat?post=9111"},{"taxonomy":"product_tag","embeddable":true,"href":"https:\/\/www.multifrigo.pl\/sklep\/wp-json\/wp\/v2\/product_tag?post=9111"}],"curies":[{"name":"wp","href":"https:\/\/api.w.org\/{rel}","templated":true}]}}