{"id":9114,"date":"2024-07-03T12:55:42","date_gmt":"2024-07-03T12:55:42","guid":{"rendered":"https:\/\/multifrigo.pl\/sklep\/produkt\/lyzka-do-serwowania-18-10-stalgast-420032\/"},"modified":"2025-05-19T11:54:27","modified_gmt":"2025-05-19T11:54:27","slug":"lyzka-do-serwowania-18-10-stalgast-420032","status":"publish","type":"product","link":"https:\/\/www.multifrigo.pl\/sklep\/produkt\/lyzka-do-serwowania-18-10-stalgast-420032\/","title":{"rendered":"\u0141y\u017cka do serwowania 18\/10 | Stalgast 420032"},"content":{"rendered":"<p><LI>wykonana z wysoko polerowanej stali nierdzewnej w technologii monoblok  <LI>bez spaw\u00f3w i zagi\u0119\u0107, wykonana z jednego kawa\u0142ka stali  <LI>\u0142atwa w utrzymaniu czysto\u015bci  <LI>grubo\u015b\u0107 uchwytu ~2.7 mm  <\/p>\n","protected":false},"excerpt":{"rendered":"<p>wykonana z wysoko polerowanej stali nierdzewnej w technologii monoblok bez spaw\u00f3w i zagi\u0119\u0107, wykonana z jednego kawa\u0142ka stali \u0142atwa w utrzymaniu czysto\u015bci grubo\u015b\u0107 uchwytu ~2.7 mm<\/p>\n","protected":false},"featured_media":14615,"template":"","meta":{"_et_pb_use_builder":"","_et_pb_old_content":"","_et_gb_content_width":""},"pwb-brand":[62],"product_brand":[],"product_cat":[185],"product_tag":[],"class_list":{"0":"post-9114","1":"product","2":"type-product","3":"status-publish","4":"has-post-thumbnail","6":"pwb-brand-stalgast","7":"product_cat-lyzki-do-serwowania","9":"first","10":"instock","11":"taxable","12":"shipping-taxable","13":"purchasable","14":"product-type-simple"},"brands":[{"id":62,"name":"Stalgast","slug":"stalgast"}],"_links":{"self":[{"href":"https:\/\/www.multifrigo.pl\/sklep\/wp-json\/wp\/v2\/product\/9114","targetHints":{"allow":["GET"]}}],"collection":[{"href":"https:\/\/www.multifrigo.pl\/sklep\/wp-json\/wp\/v2\/product"}],"about":[{"href":"https:\/\/www.multifrigo.pl\/sklep\/wp-json\/wp\/v2\/types\/product"}],"wp:featuredmedia":[{"embeddable":true,"href":"https:\/\/www.multifrigo.pl\/sklep\/wp-json\/wp\/v2\/media\/14615"}],"wp:attachment":[{"href":"https:\/\/www.multifrigo.pl\/sklep\/wp-json\/wp\/v2\/media?parent=9114"}],"wp:term":[{"taxonomy":"pwb-brand","embeddable":true,"href":"https:\/\/www.multifrigo.pl\/sklep\/wp-json\/wp\/v2\/pwb-brand?post=9114"},{"taxonomy":"product_brand","embeddable":true,"href":"https:\/\/www.multifrigo.pl\/sklep\/wp-json\/wp\/v2\/product_brand?post=9114"},{"taxonomy":"product_cat","embeddable":true,"href":"https:\/\/www.multifrigo.pl\/sklep\/wp-json\/wp\/v2\/product_cat?post=9114"},{"taxonomy":"product_tag","embeddable":true,"href":"https:\/\/www.multifrigo.pl\/sklep\/wp-json\/wp\/v2\/product_tag?post=9114"}],"curies":[{"name":"wp","href":"https:\/\/api.w.org\/{rel}","templated":true}]}}