{"id":9350,"date":"2024-07-03T12:56:25","date_gmt":"2024-07-03T12:56:25","guid":{"rendered":"https:\/\/multifrigo.pl\/sklep\/produkt\/porcjoner-do-lodow-1-30-stockel-530300\/"},"modified":"2025-05-19T11:57:56","modified_gmt":"2025-05-19T11:57:56","slug":"porcjoner-do-lodow-1-30-stockel-530300","status":"publish","type":"product","link":"https:\/\/www.multifrigo.pl\/sklep\/produkt\/porcjoner-do-lodow-1-30-stockel-530300\/","title":{"rendered":"Porcjoner do lod\u00f3w 1\/30 | ST\u00d6CKEL 530300"},"content":{"rendered":"<p><LI>gramatura oznacza ilo\u015b\u0107 porcji z 1 litra lod\u00f3w  <\/p>\n","protected":false},"excerpt":{"rendered":"<p>gramatura oznacza ilo\u015b\u0107 porcji z 1 litra lod\u00f3w<\/p>\n","protected":false},"featured_media":15054,"template":"","meta":{"_et_pb_use_builder":"","_et_pb_old_content":"","_et_gb_content_width":""},"pwb-brand":[362],"product_brand":[],"product_cat":[356],"product_tag":[],"class_list":{"0":"post-9350","1":"product","2":"type-product","3":"status-publish","4":"has-post-thumbnail","6":"pwb-brand-stockel","7":"product_cat-porcjonery","9":"first","10":"instock","11":"taxable","12":"shipping-taxable","13":"purchasable","14":"product-type-simple"},"brands":[{"id":362,"name":"ST\u00d6CKEL","slug":"stockel"}],"_links":{"self":[{"href":"https:\/\/www.multifrigo.pl\/sklep\/wp-json\/wp\/v2\/product\/9350","targetHints":{"allow":["GET"]}}],"collection":[{"href":"https:\/\/www.multifrigo.pl\/sklep\/wp-json\/wp\/v2\/product"}],"about":[{"href":"https:\/\/www.multifrigo.pl\/sklep\/wp-json\/wp\/v2\/types\/product"}],"wp:featuredmedia":[{"embeddable":true,"href":"https:\/\/www.multifrigo.pl\/sklep\/wp-json\/wp\/v2\/media\/15054"}],"wp:attachment":[{"href":"https:\/\/www.multifrigo.pl\/sklep\/wp-json\/wp\/v2\/media?parent=9350"}],"wp:term":[{"taxonomy":"pwb-brand","embeddable":true,"href":"https:\/\/www.multifrigo.pl\/sklep\/wp-json\/wp\/v2\/pwb-brand?post=9350"},{"taxonomy":"product_brand","embeddable":true,"href":"https:\/\/www.multifrigo.pl\/sklep\/wp-json\/wp\/v2\/product_brand?post=9350"},{"taxonomy":"product_cat","embeddable":true,"href":"https:\/\/www.multifrigo.pl\/sklep\/wp-json\/wp\/v2\/product_cat?post=9350"},{"taxonomy":"product_tag","embeddable":true,"href":"https:\/\/www.multifrigo.pl\/sklep\/wp-json\/wp\/v2\/product_tag?post=9350"}],"curies":[{"name":"wp","href":"https:\/\/api.w.org\/{rel}","templated":true}]}}