{"id":9358,"date":"2024-07-03T12:56:26","date_gmt":"2024-07-03T12:56:26","guid":{"rendered":"https:\/\/multifrigo.pl\/sklep\/produkt\/porcjoner-do-lodow-1-36-stockel-532360\/"},"modified":"2025-05-19T11:58:02","modified_gmt":"2025-05-19T11:58:02","slug":"porcjoner-do-lodow-1-36-stockel-532360","status":"publish","type":"product","link":"https:\/\/www.multifrigo.pl\/sklep\/produkt\/porcjoner-do-lodow-1-36-stockel-532360\/","title":{"rendered":"Porcjoner do lod\u00f3w 1\/36 | ST\u00d6CKEL 532360"},"content":{"rendered":"<p><LI>ga\u0142kownica wykonana ze stali nierdzewnej  <LI>r\u0105czka wykonana z tworzywa  <LI>gramatura oznacza ilo\u015b\u0107 porcji z 1 litra lod\u00f3w  <LI>1\/36 (36 porcji z litra lod\u00f3w) porcja ~19 g  <LI>\u015brednica ga\u0142kownicy 47 mm  <\/p>\n","protected":false},"excerpt":{"rendered":"<p>ga\u0142kownica wykonana ze stali nierdzewnej r\u0105czka wykonana z tworzywa gramatura oznacza ilo\u015b\u0107 porcji z 1 litra lod\u00f3w 1\/36 (36 porcji z litra lod\u00f3w) porcja ~19 g \u015brednica ga\u0142kownicy 47 mm<\/p>\n","protected":false},"featured_media":15074,"template":"","meta":{"_et_pb_use_builder":"","_et_pb_old_content":"","_et_gb_content_width":""},"pwb-brand":[362],"product_brand":[],"product_cat":[356],"product_tag":[],"class_list":{"0":"post-9358","1":"product","2":"type-product","3":"status-publish","4":"has-post-thumbnail","6":"pwb-brand-stockel","7":"product_cat-porcjonery","9":"first","10":"instock","11":"taxable","12":"shipping-taxable","13":"purchasable","14":"product-type-simple"},"brands":[{"id":362,"name":"ST\u00d6CKEL","slug":"stockel"}],"_links":{"self":[{"href":"https:\/\/www.multifrigo.pl\/sklep\/wp-json\/wp\/v2\/product\/9358","targetHints":{"allow":["GET"]}}],"collection":[{"href":"https:\/\/www.multifrigo.pl\/sklep\/wp-json\/wp\/v2\/product"}],"about":[{"href":"https:\/\/www.multifrigo.pl\/sklep\/wp-json\/wp\/v2\/types\/product"}],"wp:featuredmedia":[{"embeddable":true,"href":"https:\/\/www.multifrigo.pl\/sklep\/wp-json\/wp\/v2\/media\/15074"}],"wp:attachment":[{"href":"https:\/\/www.multifrigo.pl\/sklep\/wp-json\/wp\/v2\/media?parent=9358"}],"wp:term":[{"taxonomy":"pwb-brand","embeddable":true,"href":"https:\/\/www.multifrigo.pl\/sklep\/wp-json\/wp\/v2\/pwb-brand?post=9358"},{"taxonomy":"product_brand","embeddable":true,"href":"https:\/\/www.multifrigo.pl\/sklep\/wp-json\/wp\/v2\/product_brand?post=9358"},{"taxonomy":"product_cat","embeddable":true,"href":"https:\/\/www.multifrigo.pl\/sklep\/wp-json\/wp\/v2\/product_cat?post=9358"},{"taxonomy":"product_tag","embeddable":true,"href":"https:\/\/www.multifrigo.pl\/sklep\/wp-json\/wp\/v2\/product_tag?post=9358"}],"curies":[{"name":"wp","href":"https:\/\/api.w.org\/{rel}","templated":true}]}}