{"id":9392,"date":"2024-07-03T12:56:31","date_gmt":"2024-07-03T12:56:31","guid":{"rendered":"https:\/\/multifrigo.pl\/sklep\/produkt\/mini-wiaderko-d-120-mm-stalgast-546035\/"},"modified":"2025-05-19T11:58:24","modified_gmt":"2025-05-19T11:58:24","slug":"mini-wiaderko-d-120-mm-stalgast-546035","status":"publish","type":"product","link":"https:\/\/www.multifrigo.pl\/sklep\/produkt\/mini-wiaderko-d-120-mm-stalgast-546035\/","title":{"rendered":"Mini wiaderko d 120 mm | Stalgast 546035"},"content":{"rendered":"<p><LI>\u015brednica z uchwytem oko\u0142o 150 mm  <LI>wysoko\u015b\u0107 z uchwytem oko\u0142o 210 mm  <LI>\u015brednica ca\u0142kowita 127 mm  <\/p>\n","protected":false},"excerpt":{"rendered":"<p>\u015brednica z uchwytem oko\u0142o 150 mm wysoko\u015b\u0107 z uchwytem oko\u0142o 210 mm \u015brednica ca\u0142kowita 127 mm<\/p>\n","protected":false},"featured_media":15125,"template":"","meta":{"_et_pb_use_builder":"","_et_pb_old_content":"","_et_gb_content_width":""},"pwb-brand":[62],"product_brand":[],"product_cat":[254],"product_tag":[],"class_list":{"0":"post-9392","1":"product","2":"type-product","3":"status-publish","4":"has-post-thumbnail","6":"pwb-brand-stalgast","7":"product_cat-finger-food","9":"first","10":"instock","11":"taxable","12":"shipping-taxable","13":"purchasable","14":"product-type-simple"},"brands":[{"id":62,"name":"Stalgast","slug":"stalgast"}],"_links":{"self":[{"href":"https:\/\/www.multifrigo.pl\/sklep\/wp-json\/wp\/v2\/product\/9392","targetHints":{"allow":["GET"]}}],"collection":[{"href":"https:\/\/www.multifrigo.pl\/sklep\/wp-json\/wp\/v2\/product"}],"about":[{"href":"https:\/\/www.multifrigo.pl\/sklep\/wp-json\/wp\/v2\/types\/product"}],"wp:featuredmedia":[{"embeddable":true,"href":"https:\/\/www.multifrigo.pl\/sklep\/wp-json\/wp\/v2\/media\/15125"}],"wp:attachment":[{"href":"https:\/\/www.multifrigo.pl\/sklep\/wp-json\/wp\/v2\/media?parent=9392"}],"wp:term":[{"taxonomy":"pwb-brand","embeddable":true,"href":"https:\/\/www.multifrigo.pl\/sklep\/wp-json\/wp\/v2\/pwb-brand?post=9392"},{"taxonomy":"product_brand","embeddable":true,"href":"https:\/\/www.multifrigo.pl\/sklep\/wp-json\/wp\/v2\/product_brand?post=9392"},{"taxonomy":"product_cat","embeddable":true,"href":"https:\/\/www.multifrigo.pl\/sklep\/wp-json\/wp\/v2\/product_cat?post=9392"},{"taxonomy":"product_tag","embeddable":true,"href":"https:\/\/www.multifrigo.pl\/sklep\/wp-json\/wp\/v2\/product_tag?post=9392"}],"curies":[{"name":"wp","href":"https:\/\/api.w.org\/{rel}","templated":true}]}}