{"id":9480,"date":"2024-07-03T12:56:47","date_gmt":"2024-07-03T12:56:47","guid":{"rendered":"https:\/\/multifrigo.pl\/sklep\/produkt\/srodek-do-pielegnacji-stali-v-1-l-stalgast-649010\/"},"modified":"2025-05-19T11:59:28","modified_gmt":"2025-05-19T11:59:28","slug":"srodek-do-pielegnacji-stali-v-1-l-stalgast-649010","status":"publish","type":"product","link":"https:\/\/www.multifrigo.pl\/sklep\/produkt\/srodek-do-pielegnacji-stali-v-1-l-stalgast-649010\/","title":{"rendered":"\u015arodek do piel\u0119gnacji stali, V 1 l | Stalgast 649010"},"content":{"rendered":"<p><LI>usuwa kurz, t\u0142uszcz, \u015blady palc\u00f3w  <LI>delikatnie nab\u0142yszcza  <LI>pozostawia po\u0142ysk bez smug  <\/p>\n","protected":false},"excerpt":{"rendered":"<p>usuwa kurz, t\u0142uszcz, \u015blady palc\u00f3w delikatnie nab\u0142yszcza pozostawia po\u0142ysk bez smug<\/p>\n","protected":false},"featured_media":15255,"template":"","meta":{"_et_pb_use_builder":"","_et_pb_old_content":"","_et_gb_content_width":""},"pwb-brand":[62],"product_brand":[],"product_cat":[392],"product_tag":[],"class_list":{"0":"post-9480","1":"product","2":"type-product","3":"status-publish","4":"has-post-thumbnail","6":"pwb-brand-stalgast","7":"product_cat-do-stali","9":"first","10":"instock","11":"taxable","12":"shipping-taxable","13":"purchasable","14":"product-type-simple"},"brands":[{"id":62,"name":"Stalgast","slug":"stalgast"}],"_links":{"self":[{"href":"https:\/\/www.multifrigo.pl\/sklep\/wp-json\/wp\/v2\/product\/9480","targetHints":{"allow":["GET"]}}],"collection":[{"href":"https:\/\/www.multifrigo.pl\/sklep\/wp-json\/wp\/v2\/product"}],"about":[{"href":"https:\/\/www.multifrigo.pl\/sklep\/wp-json\/wp\/v2\/types\/product"}],"wp:featuredmedia":[{"embeddable":true,"href":"https:\/\/www.multifrigo.pl\/sklep\/wp-json\/wp\/v2\/media\/15255"}],"wp:attachment":[{"href":"https:\/\/www.multifrigo.pl\/sklep\/wp-json\/wp\/v2\/media?parent=9480"}],"wp:term":[{"taxonomy":"pwb-brand","embeddable":true,"href":"https:\/\/www.multifrigo.pl\/sklep\/wp-json\/wp\/v2\/pwb-brand?post=9480"},{"taxonomy":"product_brand","embeddable":true,"href":"https:\/\/www.multifrigo.pl\/sklep\/wp-json\/wp\/v2\/product_brand?post=9480"},{"taxonomy":"product_cat","embeddable":true,"href":"https:\/\/www.multifrigo.pl\/sklep\/wp-json\/wp\/v2\/product_cat?post=9480"},{"taxonomy":"product_tag","embeddable":true,"href":"https:\/\/www.multifrigo.pl\/sklep\/wp-json\/wp\/v2\/product_tag?post=9480"}],"curies":[{"name":"wp","href":"https:\/\/api.w.org\/{rel}","templated":true}]}}