{"id":9497,"date":"2024-07-03T12:56:51","date_gmt":"2024-07-03T12:56:51","guid":{"rendered":"https:\/\/multifrigo.pl\/sklep\/produkt\/korek-przelewowy-do-basenu-h-250-mm-stalgast-651225\/"},"modified":"2025-05-19T11:59:44","modified_gmt":"2025-05-19T11:59:44","slug":"korek-przelewowy-do-basenu-h-250-mm-stalgast-651225","status":"publish","type":"product","link":"https:\/\/www.multifrigo.pl\/sklep\/produkt\/korek-przelewowy-do-basenu-h-250-mm-stalgast-651225\/","title":{"rendered":"Korek przelewowy do basenu, H 250 mm | Stalgast 651225"},"content":{"rendered":"<p><LI>dedykowane do basen\u00f3w i zlew\u00f3w  <LI>nierdzewne sitko zapobiega zapychaniu si\u0119 odp\u0142ywu  <LI>do prawid\u0142owej pracy wymagany jest zakup gniazda korka 651210  <LI>polecany do kom\u00f3r o g\u0142\u0119boko\u015bci 300 mm  <\/p>\n","protected":false},"excerpt":{"rendered":"<p>dedykowane do basen\u00f3w i zlew\u00f3w nierdzewne sitko zapobiega zapychaniu si\u0119 odp\u0142ywu do prawid\u0142owej pracy wymagany jest zakup gniazda korka 651210 polecany do kom\u00f3r o g\u0142\u0119boko\u015bci 300 mm<\/p>\n","protected":false},"featured_media":15299,"template":"","meta":{"_et_pb_use_builder":"","_et_pb_old_content":"","_et_gb_content_width":""},"pwb-brand":[62],"product_brand":[],"product_cat":[397],"product_tag":[],"class_list":{"0":"post-9497","1":"product","2":"type-product","3":"status-publish","4":"has-post-thumbnail","6":"pwb-brand-stalgast","7":"product_cat-akcesoria-do-baterii","9":"first","10":"instock","11":"taxable","12":"shipping-taxable","13":"purchasable","14":"product-type-simple"},"brands":[{"id":62,"name":"Stalgast","slug":"stalgast"}],"_links":{"self":[{"href":"https:\/\/www.multifrigo.pl\/sklep\/wp-json\/wp\/v2\/product\/9497","targetHints":{"allow":["GET"]}}],"collection":[{"href":"https:\/\/www.multifrigo.pl\/sklep\/wp-json\/wp\/v2\/product"}],"about":[{"href":"https:\/\/www.multifrigo.pl\/sklep\/wp-json\/wp\/v2\/types\/product"}],"wp:featuredmedia":[{"embeddable":true,"href":"https:\/\/www.multifrigo.pl\/sklep\/wp-json\/wp\/v2\/media\/15299"}],"wp:attachment":[{"href":"https:\/\/www.multifrigo.pl\/sklep\/wp-json\/wp\/v2\/media?parent=9497"}],"wp:term":[{"taxonomy":"pwb-brand","embeddable":true,"href":"https:\/\/www.multifrigo.pl\/sklep\/wp-json\/wp\/v2\/pwb-brand?post=9497"},{"taxonomy":"product_brand","embeddable":true,"href":"https:\/\/www.multifrigo.pl\/sklep\/wp-json\/wp\/v2\/product_brand?post=9497"},{"taxonomy":"product_cat","embeddable":true,"href":"https:\/\/www.multifrigo.pl\/sklep\/wp-json\/wp\/v2\/product_cat?post=9497"},{"taxonomy":"product_tag","embeddable":true,"href":"https:\/\/www.multifrigo.pl\/sklep\/wp-json\/wp\/v2\/product_tag?post=9497"}],"curies":[{"name":"wp","href":"https:\/\/api.w.org\/{rel}","templated":true}]}}