{"id":9556,"date":"2024-07-03T12:57:02","date_gmt":"2024-07-03T12:57:02","guid":{"rendered":"https:\/\/multifrigo.pl\/sklep\/produkt\/cyrkulator-bemarowy-do-sous-vide-p-0-7-kw-caterina-691250\/"},"modified":"2025-05-19T12:00:24","modified_gmt":"2025-05-19T12:00:24","slug":"cyrkulator-bemarowy-do-sous-vide-p-0-7-kw-caterina-691250","status":"publish","type":"product","link":"https:\/\/www.multifrigo.pl\/sklep\/produkt\/cyrkulator-bemarowy-do-sous-vide-p-0-7-kw-caterina-691250\/","title":{"rendered":"Cyrkulator bemarowy do sous-vide, P 0.7 kW | Caterina 691250"},"content":{"rendered":"<p><LI>ustawienia temperatury i dok\u0142adno\u015b\u0107 wy\u015bwietlanej warto\u015bci 0.1\u00b0C \/ 0.1\u00b0F  <LI>zakres ustawienia czasu pracy 00:01 &#8211; 99:59  <LI>zakres ustawie\u0144 temperatury 5\u00b0C &#8211; 95\u00b0C \/ 41\u00b0F &#8211; 203\u00b0F  <LI>wmontowana pompka umo\u017cliwia r\u00f3wnomiern\u0105 cyrkulacj\u0119 wody  <LI>cyfrowy panel sterowania  <LI>pokrywa z uszczelk\u0105  <LI>kran spustowy do opr\u00f3\u017cniania wody  <LI>du\u017ca pojemno\u015b\u0107 dostosowana do potrzeb profesjonalnych kuchni gastronomicznych  <\/p>\n","protected":false},"excerpt":{"rendered":"<p>ustawienia temperatury i dok\u0142adno\u015b\u0107 wy\u015bwietlanej warto\u015bci 0.1\u00b0C \/ 0.1\u00b0F zakres ustawienia czasu pracy 00:01 &#8211; 99:59 zakres ustawie\u0144 temperatury 5\u00b0C &#8211; 95\u00b0C \/ 41\u00b0F &#8211; 203\u00b0F wmontowana pompka umo\u017cliwia r\u00f3wnomiern\u0105 cyrkulacj\u0119 wody cyfrowy panel sterowania pokrywa z uszczelk\u0105 kran spustowy do opr\u00f3\u017cniania wody du\u017ca pojemno\u015b\u0107 dostosowana do potrzeb profesjonalnych kuchni gastronomicznych<\/p>\n","protected":false},"featured_media":15503,"template":"","meta":{"_et_pb_use_builder":"","_et_pb_old_content":"","_et_gb_content_width":""},"pwb-brand":[416],"product_brand":[],"product_cat":[414],"product_tag":[],"class_list":{"0":"post-9556","1":"product","2":"type-product","3":"status-publish","4":"has-post-thumbnail","6":"pwb-brand-caterina","7":"product_cat-urzadzenia-do-sous-vide","9":"first","10":"instock","11":"taxable","12":"shipping-taxable","13":"purchasable","14":"product-type-simple"},"brands":[{"id":416,"name":"Caterina","slug":"caterina"}],"_links":{"self":[{"href":"https:\/\/www.multifrigo.pl\/sklep\/wp-json\/wp\/v2\/product\/9556","targetHints":{"allow":["GET"]}}],"collection":[{"href":"https:\/\/www.multifrigo.pl\/sklep\/wp-json\/wp\/v2\/product"}],"about":[{"href":"https:\/\/www.multifrigo.pl\/sklep\/wp-json\/wp\/v2\/types\/product"}],"wp:featuredmedia":[{"embeddable":true,"href":"https:\/\/www.multifrigo.pl\/sklep\/wp-json\/wp\/v2\/media\/15503"}],"wp:attachment":[{"href":"https:\/\/www.multifrigo.pl\/sklep\/wp-json\/wp\/v2\/media?parent=9556"}],"wp:term":[{"taxonomy":"pwb-brand","embeddable":true,"href":"https:\/\/www.multifrigo.pl\/sklep\/wp-json\/wp\/v2\/pwb-brand?post=9556"},{"taxonomy":"product_brand","embeddable":true,"href":"https:\/\/www.multifrigo.pl\/sklep\/wp-json\/wp\/v2\/product_brand?post=9556"},{"taxonomy":"product_cat","embeddable":true,"href":"https:\/\/www.multifrigo.pl\/sklep\/wp-json\/wp\/v2\/product_cat?post=9556"},{"taxonomy":"product_tag","embeddable":true,"href":"https:\/\/www.multifrigo.pl\/sklep\/wp-json\/wp\/v2\/product_tag?post=9556"}],"curies":[{"name":"wp","href":"https:\/\/api.w.org\/{rel}","templated":true}]}}