{"id":9626,"date":"2024-07-03T12:57:19","date_gmt":"2024-07-03T12:57:19","guid":{"rendered":"https:\/\/multifrigo.pl\/sklep\/produkt\/krajalnica-do-wedlin-i-serow-noz-o-300-mm-sirman-722130\/"},"modified":"2025-05-19T12:01:12","modified_gmt":"2025-05-19T12:01:12","slug":"krajalnica-do-wedlin-i-serow-noz-o-300-mm-sirman-722130","status":"publish","type":"product","link":"https:\/\/www.multifrigo.pl\/sklep\/produkt\/krajalnica-do-wedlin-i-serow-noz-o-300-mm-sirman-722130\/","title":{"rendered":"Krajalnica do w\u0119dlin i ser\u00f3w, n\u00f3\u017c \u00f8 300 mm | Sirman 722130"},"content":{"rendered":"<p><LI>przeznaczona do w\u0119dlin i ser\u00f3w  <LI>obudowa wykonana z anodowanego aluminium  <LI>w\u00f3zek, pokr\u0119t\u0142a i \u015bruby wykonane ze stali nierdzewnej  <LI>st\u00f3\u0142 podawczy o wymiarach (WxD) 225&#215;210 mm  <LI>silnik z dodatkowo wzmocnionym nap\u0119dem  <LI>demontowany w\u00f3zek u\u0142atwia utrzymanie w czysto\u015bci  <LI>wbudowana ostrza\u0142ka  <LI>regulacja krojenia 0-13 mm  <\/p>\n","protected":false},"excerpt":{"rendered":"<p>przeznaczona do w\u0119dlin i ser\u00f3w obudowa wykonana z anodowanego aluminium w\u00f3zek, pokr\u0119t\u0142a i \u015bruby wykonane ze stali nierdzewnej st\u00f3\u0142 podawczy o wymiarach (WxD) 225&#215;210 mm silnik z dodatkowo wzmocnionym nap\u0119dem demontowany w\u00f3zek u\u0142atwia utrzymanie w czysto\u015bci wbudowana ostrza\u0142ka regulacja krojenia 0-13 mm<\/p>\n","protected":false},"featured_media":15650,"template":"","meta":{"_et_pb_use_builder":"","_et_pb_old_content":"","_et_gb_content_width":""},"pwb-brand":[437],"product_brand":[],"product_cat":[433],"product_tag":[],"class_list":{"0":"post-9626","1":"product","2":"type-product","3":"status-publish","4":"has-post-thumbnail","6":"pwb-brand-sirman","7":"product_cat-krajalnice-grawitacyjne","9":"first","10":"instock","11":"taxable","12":"shipping-taxable","13":"purchasable","14":"product-type-simple"},"brands":[{"id":437,"name":"Sirman","slug":"sirman"}],"_links":{"self":[{"href":"https:\/\/www.multifrigo.pl\/sklep\/wp-json\/wp\/v2\/product\/9626","targetHints":{"allow":["GET"]}}],"collection":[{"href":"https:\/\/www.multifrigo.pl\/sklep\/wp-json\/wp\/v2\/product"}],"about":[{"href":"https:\/\/www.multifrigo.pl\/sklep\/wp-json\/wp\/v2\/types\/product"}],"wp:featuredmedia":[{"embeddable":true,"href":"https:\/\/www.multifrigo.pl\/sklep\/wp-json\/wp\/v2\/media\/15650"}],"wp:attachment":[{"href":"https:\/\/www.multifrigo.pl\/sklep\/wp-json\/wp\/v2\/media?parent=9626"}],"wp:term":[{"taxonomy":"pwb-brand","embeddable":true,"href":"https:\/\/www.multifrigo.pl\/sklep\/wp-json\/wp\/v2\/pwb-brand?post=9626"},{"taxonomy":"product_brand","embeddable":true,"href":"https:\/\/www.multifrigo.pl\/sklep\/wp-json\/wp\/v2\/product_brand?post=9626"},{"taxonomy":"product_cat","embeddable":true,"href":"https:\/\/www.multifrigo.pl\/sklep\/wp-json\/wp\/v2\/product_cat?post=9626"},{"taxonomy":"product_tag","embeddable":true,"href":"https:\/\/www.multifrigo.pl\/sklep\/wp-json\/wp\/v2\/product_tag?post=9626"}],"curies":[{"name":"wp","href":"https:\/\/api.w.org\/{rel}","templated":true}]}}