{"id":9650,"date":"2024-07-03T12:57:26","date_gmt":"2024-07-03T12:57:26","guid":{"rendered":"https:\/\/multifrigo.pl\/sklep\/produkt\/waga-pomocnicza-legalizowana-wodoodporna-stal-nierdzewna-zakres-15-kg-dokladnosc-5-g-ohaus-730155\/"},"modified":"2025-05-19T12:01:26","modified_gmt":"2025-05-19T12:01:26","slug":"waga-pomocnicza-legalizowana-wodoodporna-stal-nierdzewna-zakres-15-kg-dokladnosc-5-g-ohaus-730155","status":"publish","type":"product","link":"https:\/\/www.multifrigo.pl\/sklep\/produkt\/waga-pomocnicza-legalizowana-wodoodporna-stal-nierdzewna-zakres-15-kg-dokladnosc-5-g-ohaus-730155\/","title":{"rendered":"Waga pomocnicza , legalizowana, wodoodporna, stal nierdzewna, zakres 15 kg, dok\u0142adno\u015b\u0107 5 g | Ohaus 730155"},"content":{"rendered":"<p><LI>najwy\u017cszej klasy wagi legalizowane przeznaczone do pracy w ci\u0119\u017ckim i mokrym \u015brodowisku  <LI>szalka ze stali nierdzewnej 190&#215;242 mm  <LI>obudowa wykonana z tworzywa ABS, ca\u0142kowicie wodoszczelna IPX8  <LI>zasilanie akumulatorowe (50 h pracy) i sieciowe AC  <LI>dwustronny wy\u015bwietlacz LED  <LI>wzmocniona polikarbonowa klawiatura odporna na uszkodzenia  <LI>pod\u015bwietlana poziomica  <LI>czujnik bezdotykowy  <LI>szybka stabilizacja pomiaru 0.5 s  <LI>tryby: wa\u017cenie, wa\u017cenie procentowe, wa\u017cenie kontrolne, sumowanie  <LI>certyfikat Bezpiecze\u0144stwa \u017bywno\u015bci (NSF)  <\/p>\n","protected":false},"excerpt":{"rendered":"<p>najwy\u017cszej klasy wagi legalizowane przeznaczone do pracy w ci\u0119\u017ckim i mokrym \u015brodowisku szalka ze stali nierdzewnej 190&#215;242 mm obudowa wykonana z tworzywa ABS, ca\u0142kowicie wodoszczelna IPX8 zasilanie akumulatorowe (50 h pracy) i sieciowe AC dwustronny wy\u015bwietlacz LED wzmocniona polikarbonowa klawiatura odporna na uszkodzenia pod\u015bwietlana poziomica czujnik bezdotykowy szybka stabilizacja pomiaru 0.5 s tryby: wa\u017cenie, wa\u017cenie [&hellip;]<\/p>\n","protected":false},"featured_media":15736,"template":"","meta":{"_et_pb_use_builder":"","_et_pb_old_content":"","_et_gb_content_width":""},"pwb-brand":[438],"product_brand":[],"product_cat":[436],"product_tag":[],"class_list":{"0":"post-9650","1":"product","2":"type-product","3":"status-publish","4":"has-post-thumbnail","6":"pwb-brand-ohaus","7":"product_cat-sklepowe","9":"first","10":"instock","11":"taxable","12":"shipping-taxable","13":"purchasable","14":"product-type-simple"},"brands":[{"id":438,"name":"Ohaus","slug":"ohaus"}],"_links":{"self":[{"href":"https:\/\/www.multifrigo.pl\/sklep\/wp-json\/wp\/v2\/product\/9650","targetHints":{"allow":["GET"]}}],"collection":[{"href":"https:\/\/www.multifrigo.pl\/sklep\/wp-json\/wp\/v2\/product"}],"about":[{"href":"https:\/\/www.multifrigo.pl\/sklep\/wp-json\/wp\/v2\/types\/product"}],"wp:featuredmedia":[{"embeddable":true,"href":"https:\/\/www.multifrigo.pl\/sklep\/wp-json\/wp\/v2\/media\/15736"}],"wp:attachment":[{"href":"https:\/\/www.multifrigo.pl\/sklep\/wp-json\/wp\/v2\/media?parent=9650"}],"wp:term":[{"taxonomy":"pwb-brand","embeddable":true,"href":"https:\/\/www.multifrigo.pl\/sklep\/wp-json\/wp\/v2\/pwb-brand?post=9650"},{"taxonomy":"product_brand","embeddable":true,"href":"https:\/\/www.multifrigo.pl\/sklep\/wp-json\/wp\/v2\/product_brand?post=9650"},{"taxonomy":"product_cat","embeddable":true,"href":"https:\/\/www.multifrigo.pl\/sklep\/wp-json\/wp\/v2\/product_cat?post=9650"},{"taxonomy":"product_tag","embeddable":true,"href":"https:\/\/www.multifrigo.pl\/sklep\/wp-json\/wp\/v2\/product_tag?post=9650"}],"curies":[{"name":"wp","href":"https:\/\/api.w.org\/{rel}","templated":true}]}}