{"id":9708,"date":"2024-07-03T12:57:39","date_gmt":"2024-07-03T12:57:39","guid":{"rendered":"https:\/\/multifrigo.pl\/sklep\/produkt\/opiekacz-2-poziomowy-bar-2000-p-3-2-kw-u-230-v-roller-grill-777102\/"},"modified":"2025-05-19T12:42:55","modified_gmt":"2025-05-19T12:42:55","slug":"opiekacz-2-poziomowy-bar-2000-p-3-2-kw-u-230-v-roller-grill-777102","status":"publish","type":"product","link":"https:\/\/www.multifrigo.pl\/sklep\/produkt\/opiekacz-2-poziomowy-bar-2000-p-3-2-kw-u-230-v-roller-grill-777102\/","title":{"rendered":"Opiekacz 2-poziomowy, BAR 2000, P 3.2 kW, U 230 V | Roller Grill 777102"},"content":{"rendered":"<p><LI>kwarcowe elementy grzewcze  <LI>wy\u0142\u0105cznik czasowy, max 15 min z funkcj\u0105 pracy ci\u0105g\u0142ej  <LI>wyjmowane r\u0105czki  <LI>wydajno\u015b\u0107: 300 tost\u00f3w \/ h  <LI>demontowany panel tylny u\u0142atwiaj\u0105cy czyszczenie urz\u0105dzenia  <LI>ilo\u015b\u0107 grza\u0142ek: 6  <LI>powierzchnia robocza (WxD): 2 350&#215;240 mm x 90 mm  <LI>ilo\u015b\u0107 poziom\u00f3w: 2  <\/p>\n","protected":false},"excerpt":{"rendered":"<p>kwarcowe elementy grzewcze wy\u0142\u0105cznik czasowy, max 15 min z funkcj\u0105 pracy ci\u0105g\u0142ej wyjmowane r\u0105czki wydajno\u015b\u0107: 300 tost\u00f3w \/ h demontowany panel tylny u\u0142atwiaj\u0105cy czyszczenie urz\u0105dzenia ilo\u015b\u0107 grza\u0142ek: 6 powierzchnia robocza (WxD): 2 350&#215;240 mm x 90 mm ilo\u015b\u0107 poziom\u00f3w: 2<\/p>\n","protected":false},"featured_media":15918,"template":"","meta":{"_et_pb_use_builder":"","_et_pb_old_content":"","_et_gb_content_width":""},"pwb-brand":[464],"product_brand":[],"product_cat":[457],"product_tag":[],"class_list":{"0":"post-9708","1":"product","2":"type-product","3":"status-publish","4":"has-post-thumbnail","6":"pwb-brand-roller-grill","7":"product_cat-opiekacze","9":"first","10":"instock","11":"taxable","12":"shipping-taxable","13":"purchasable","14":"product-type-simple"},"brands":[{"id":464,"name":"Roller Grill","slug":"roller-grill"}],"_links":{"self":[{"href":"https:\/\/www.multifrigo.pl\/sklep\/wp-json\/wp\/v2\/product\/9708","targetHints":{"allow":["GET"]}}],"collection":[{"href":"https:\/\/www.multifrigo.pl\/sklep\/wp-json\/wp\/v2\/product"}],"about":[{"href":"https:\/\/www.multifrigo.pl\/sklep\/wp-json\/wp\/v2\/types\/product"}],"wp:featuredmedia":[{"embeddable":true,"href":"https:\/\/www.multifrigo.pl\/sklep\/wp-json\/wp\/v2\/media\/15918"}],"wp:attachment":[{"href":"https:\/\/www.multifrigo.pl\/sklep\/wp-json\/wp\/v2\/media?parent=9708"}],"wp:term":[{"taxonomy":"pwb-brand","embeddable":true,"href":"https:\/\/www.multifrigo.pl\/sklep\/wp-json\/wp\/v2\/pwb-brand?post=9708"},{"taxonomy":"product_brand","embeddable":true,"href":"https:\/\/www.multifrigo.pl\/sklep\/wp-json\/wp\/v2\/product_brand?post=9708"},{"taxonomy":"product_cat","embeddable":true,"href":"https:\/\/www.multifrigo.pl\/sklep\/wp-json\/wp\/v2\/product_cat?post=9708"},{"taxonomy":"product_tag","embeddable":true,"href":"https:\/\/www.multifrigo.pl\/sklep\/wp-json\/wp\/v2\/product_tag?post=9708"}],"curies":[{"name":"wp","href":"https:\/\/api.w.org\/{rel}","templated":true}]}}