{"id":9861,"date":"2024-07-03T12:58:11","date_gmt":"2024-07-03T12:58:11","guid":{"rendered":"https:\/\/multifrigo.pl\/sklep\/produkt\/sterowanie-nozne-do-walkowarek-do-ciasta-seria-easy-ggf-786901\/"},"modified":"2025-05-19T12:44:48","modified_gmt":"2025-05-19T12:44:48","slug":"sterowanie-nozne-do-walkowarek-do-ciasta-seria-easy-ggf-786901","status":"publish","type":"product","link":"https:\/\/www.multifrigo.pl\/sklep\/produkt\/sterowanie-nozne-do-walkowarek-do-ciasta-seria-easy-ggf-786901\/","title":{"rendered":"Sterowanie no\u017cne do wa\u0142kowarek do ciasta, seria Easy | GGF 786901"},"content":{"rendered":"<p><LI>umo\u017cliwia sterowanie urz\u0105dzeniem za pomoc\u0105 st\u00f3p  <LI>dedykowane do wa\u0142kowarek 786958 i 786961  <\/p>\n","protected":false},"excerpt":{"rendered":"<p>umo\u017cliwia sterowanie urz\u0105dzeniem za pomoc\u0105 st\u00f3p dedykowane do wa\u0142kowarek 786958 i 786961<\/p>\n","protected":false},"featured_media":16143,"template":"","meta":{"_et_pb_use_builder":"","_et_pb_old_content":"","_et_gb_content_width":""},"pwb-brand":[477],"product_brand":[],"product_cat":[485],"product_tag":[],"class_list":{"0":"post-9861","1":"product","2":"type-product","3":"status-publish","4":"has-post-thumbnail","6":"pwb-brand-ggf","7":"product_cat-walkownice-do-ciasta","9":"first","10":"instock","11":"taxable","12":"shipping-taxable","13":"purchasable","14":"product-type-simple"},"brands":[{"id":477,"name":"GGF","slug":"ggf"}],"_links":{"self":[{"href":"https:\/\/www.multifrigo.pl\/sklep\/wp-json\/wp\/v2\/product\/9861","targetHints":{"allow":["GET"]}}],"collection":[{"href":"https:\/\/www.multifrigo.pl\/sklep\/wp-json\/wp\/v2\/product"}],"about":[{"href":"https:\/\/www.multifrigo.pl\/sklep\/wp-json\/wp\/v2\/types\/product"}],"wp:featuredmedia":[{"embeddable":true,"href":"https:\/\/www.multifrigo.pl\/sklep\/wp-json\/wp\/v2\/media\/16143"}],"wp:attachment":[{"href":"https:\/\/www.multifrigo.pl\/sklep\/wp-json\/wp\/v2\/media?parent=9861"}],"wp:term":[{"taxonomy":"pwb-brand","embeddable":true,"href":"https:\/\/www.multifrigo.pl\/sklep\/wp-json\/wp\/v2\/pwb-brand?post=9861"},{"taxonomy":"product_brand","embeddable":true,"href":"https:\/\/www.multifrigo.pl\/sklep\/wp-json\/wp\/v2\/product_brand?post=9861"},{"taxonomy":"product_cat","embeddable":true,"href":"https:\/\/www.multifrigo.pl\/sklep\/wp-json\/wp\/v2\/product_cat?post=9861"},{"taxonomy":"product_tag","embeddable":true,"href":"https:\/\/www.multifrigo.pl\/sklep\/wp-json\/wp\/v2\/product_tag?post=9861"}],"curies":[{"name":"wp","href":"https:\/\/api.w.org\/{rel}","templated":true}]}}