{"id":9962,"date":"2024-07-03T12:58:30","date_gmt":"2024-07-03T12:58:30","guid":{"rendered":"https:\/\/multifrigo.pl\/sklep\/produkt\/zmiekczacz-do-zmywarki-purity-1200-clean-brita-824130\/"},"modified":"2025-05-19T12:45:55","modified_gmt":"2025-05-19T12:45:55","slug":"zmiekczacz-do-zmywarki-purity-1200-clean-brita-824130","status":"publish","type":"product","link":"https:\/\/www.multifrigo.pl\/sklep\/produkt\/zmiekczacz-do-zmywarki-purity-1200-clean-brita-824130\/","title":{"rendered":"Zmi\u0119kczacz do zmywarki Purity 1200 Clean | Brita 824130"},"content":{"rendered":"<p><LI>wydajno\u015b\u0107 12000 l  <LI>zapobiega osadzaniu si\u0119 kamienia w pod\u0142\u0105czonych urz\u0105dzeniach  <LI>wi\u0105ze jony metaki ci\u0119zkich np. o\u0142owiu i miedzi  <LI>zapobiega powstawaniu osadu w zmywarkach  <LI>zapewnia optymaln\u0105 jako\u015b\u0107 mycia szklanek, sztu\u0107c\u00f3w i naczy\u0144  <LI>gwarantuje d\u0142u\u017csz\u0105 \u017cywotno\u015b\u0107 pod\u0142\u0105czonych urz\u0105dze\u0144  <\/p>\n","protected":false},"excerpt":{"rendered":"<p>wydajno\u015b\u0107 12000 l zapobiega osadzaniu si\u0119 kamienia w pod\u0142\u0105czonych urz\u0105dzeniach wi\u0105ze jony metaki ci\u0119zkich np. o\u0142owiu i miedzi zapobiega powstawaniu osadu w zmywarkach zapewnia optymaln\u0105 jako\u015b\u0107 mycia szklanek, sztu\u0107c\u00f3w i naczy\u0144 gwarantuje d\u0142u\u017csz\u0105 \u017cywotno\u015b\u0107 pod\u0142\u0105czonych urz\u0105dze\u0144<\/p>\n","protected":false},"featured_media":16380,"template":"","meta":{"_et_pb_use_builder":"","_et_pb_old_content":"","_et_gb_content_width":""},"pwb-brand":[522],"product_brand":[],"product_cat":[517],"product_tag":[],"class_list":{"0":"post-9962","1":"product","2":"type-product","3":"status-publish","4":"has-post-thumbnail","6":"pwb-brand-brita","7":"product_cat-filtry-do-zmywarek","9":"first","10":"instock","11":"taxable","12":"shipping-taxable","13":"purchasable","14":"product-type-simple"},"brands":[{"id":522,"name":"Brita","slug":"brita"}],"_links":{"self":[{"href":"https:\/\/www.multifrigo.pl\/sklep\/wp-json\/wp\/v2\/product\/9962","targetHints":{"allow":["GET"]}}],"collection":[{"href":"https:\/\/www.multifrigo.pl\/sklep\/wp-json\/wp\/v2\/product"}],"about":[{"href":"https:\/\/www.multifrigo.pl\/sklep\/wp-json\/wp\/v2\/types\/product"}],"wp:featuredmedia":[{"embeddable":true,"href":"https:\/\/www.multifrigo.pl\/sklep\/wp-json\/wp\/v2\/media\/16380"}],"wp:attachment":[{"href":"https:\/\/www.multifrigo.pl\/sklep\/wp-json\/wp\/v2\/media?parent=9962"}],"wp:term":[{"taxonomy":"pwb-brand","embeddable":true,"href":"https:\/\/www.multifrigo.pl\/sklep\/wp-json\/wp\/v2\/pwb-brand?post=9962"},{"taxonomy":"product_brand","embeddable":true,"href":"https:\/\/www.multifrigo.pl\/sklep\/wp-json\/wp\/v2\/product_brand?post=9962"},{"taxonomy":"product_cat","embeddable":true,"href":"https:\/\/www.multifrigo.pl\/sklep\/wp-json\/wp\/v2\/product_cat?post=9962"},{"taxonomy":"product_tag","embeddable":true,"href":"https:\/\/www.multifrigo.pl\/sklep\/wp-json\/wp\/v2\/product_tag?post=9962"}],"curies":[{"name":"wp","href":"https:\/\/api.w.org\/{rel}","templated":true}]}}