{"id":9995,"date":"2024-07-03T12:58:39","date_gmt":"2024-07-03T12:58:39","guid":{"rendered":"https:\/\/multifrigo.pl\/sklep\/produkt\/stol-chlodniczy-2-drzwiowy-salatkowy-z-nadstawa-szklana-i-blatem-roboczym-240-l-stalgast-832225\/"},"modified":"2025-05-19T12:46:19","modified_gmt":"2025-05-19T12:46:19","slug":"stol-chlodniczy-2-drzwiowy-salatkowy-z-nadstawa-szklana-i-blatem-roboczym-240-l-stalgast-832225","status":"publish","type":"product","link":"https:\/\/www.multifrigo.pl\/sklep\/produkt\/stol-chlodniczy-2-drzwiowy-salatkowy-z-nadstawa-szklana-i-blatem-roboczym-240-l-stalgast-832225\/","title":{"rendered":"St\u00f3\u0142 ch\u0142odniczy 2 drzwiowy sa\u0142atkowy z nadstaw\u0105 szklan\u0105 i blatem roboczym, 240 l | Stalgast 832225"},"content":{"rendered":"<p><LI>obudowa i wn\u0119trze wykonane ze stali nierdzewnej  <LI>uchylna pokrywa ze stali nierdzewnej  <LI>deska do krojenia z polietylenu  <LI>statyczny uk\u0142ad ch\u0142odzenia z wbudowanym wentylatorem  <LI>elektroniczny sterownik z wy\u015bwietlaczem temperatury  <LI>automatyczne odszranianie  <LI>automatyczne odparowanie skroplin  <LI>samodomykaj\u0105ce si\u0119 drzwi  <LI>komora ch\u0142odz\u0105ca w standardzie GN 1\/1  <LI>pojemno\u015b\u0107 2 x GN 1\/1 (max. 150 mm)  <LI>bez pojemnik\u00f3w GN w standardzie  <LI>2 ruszty z prowadnicami w komplecie (prowadnice do p\u00f3\u0142ek 2kpl)  <LI>odleglo\u015b\u0107 mi\u0119dzy prowadnicami ~50 mm  <LI>mo\u017cliwo\u015b\u0107 dokupienia dodatkowych prowadnic (831443)  oraz p\u00f3\u0142ek (831445)  <LI>szklana nadstawa do samodzielnego monta\u017cu  <LI>blat na wysoko\u015bci 850 mm  <\/p>\n","protected":false},"excerpt":{"rendered":"<p>obudowa i wn\u0119trze wykonane ze stali nierdzewnej uchylna pokrywa ze stali nierdzewnej deska do krojenia z polietylenu statyczny uk\u0142ad ch\u0142odzenia z wbudowanym wentylatorem elektroniczny sterownik z wy\u015bwietlaczem temperatury automatyczne odszranianie automatyczne odparowanie skroplin samodomykaj\u0105ce si\u0119 drzwi komora ch\u0142odz\u0105ca w standardzie GN 1\/1 pojemno\u015b\u0107 2 x GN 1\/1 (max. 150 mm) bez pojemnik\u00f3w GN w standardzie [&hellip;]<\/p>\n","protected":false},"featured_media":16508,"template":"","meta":{"_et_pb_use_builder":"","_et_pb_old_content":"","_et_gb_content_width":""},"pwb-brand":[62],"product_brand":[],"product_cat":[524],"product_tag":[],"class_list":{"0":"post-9995","1":"product","2":"type-product","3":"status-publish","4":"has-post-thumbnail","6":"pwb-brand-stalgast","7":"product_cat-stoly-chlodnicze-salatkowe","9":"first","10":"instock","11":"taxable","12":"shipping-taxable","13":"purchasable","14":"product-type-simple"},"brands":[{"id":62,"name":"Stalgast","slug":"stalgast"}],"_links":{"self":[{"href":"https:\/\/www.multifrigo.pl\/sklep\/wp-json\/wp\/v2\/product\/9995","targetHints":{"allow":["GET"]}}],"collection":[{"href":"https:\/\/www.multifrigo.pl\/sklep\/wp-json\/wp\/v2\/product"}],"about":[{"href":"https:\/\/www.multifrigo.pl\/sklep\/wp-json\/wp\/v2\/types\/product"}],"wp:featuredmedia":[{"embeddable":true,"href":"https:\/\/www.multifrigo.pl\/sklep\/wp-json\/wp\/v2\/media\/16508"}],"wp:attachment":[{"href":"https:\/\/www.multifrigo.pl\/sklep\/wp-json\/wp\/v2\/media?parent=9995"}],"wp:term":[{"taxonomy":"pwb-brand","embeddable":true,"href":"https:\/\/www.multifrigo.pl\/sklep\/wp-json\/wp\/v2\/pwb-brand?post=9995"},{"taxonomy":"product_brand","embeddable":true,"href":"https:\/\/www.multifrigo.pl\/sklep\/wp-json\/wp\/v2\/product_brand?post=9995"},{"taxonomy":"product_cat","embeddable":true,"href":"https:\/\/www.multifrigo.pl\/sklep\/wp-json\/wp\/v2\/product_cat?post=9995"},{"taxonomy":"product_tag","embeddable":true,"href":"https:\/\/www.multifrigo.pl\/sklep\/wp-json\/wp\/v2\/product_tag?post=9995"}],"curies":[{"name":"wp","href":"https:\/\/api.w.org\/{rel}","templated":true}]}}